{"id":902,"date":"2016-10-02T16:25:25","date_gmt":"2016-10-02T15:25:25","guid":{"rendered":"http:\/\/www.accordion.cz\/?page_id=902"},"modified":"2018-05-23T13:24:07","modified_gmt":"2018-05-23T12:24:07","slug":"ucastnici-2016","status":"publish","type":"page","link":"https:\/\/www.accordion.cz\/?page_id=902&lang=cs","title":{"rendered":"V\u00fdsledky 2016"},"content":{"rendered":"<p>21 \u2013 25 zlat\u00e9 p\u00e1smo<\/p>\n<p>16 \u2013 20,99 st\u0159\u00edbrn\u00e9 p\u00e1smo<\/p>\n<p>11 \u2013 15,99 bronzov\u00e9 p\u00e1smo<\/p>\n<p><strong>POROTA \/ JURY II.<\/strong><\/p>\n<table width=\"686\">\n<tbody>\n<tr>\n<td width=\"391\"><strong>Kat. \/ Cat. VIII<\/strong><\/td>\n<td width=\"59\"><strong>\u00a0<\/strong><\/td>\n<td width=\"59\"><strong>\u00a0<\/strong><\/td>\n<td width=\"177\"><strong>P\u00e1smo \/ zone<\/strong><\/td>\n<\/tr>\n<tr>\n<td width=\"391\">1. Accordion Duo Garliava<\/td>\n<td width=\"59\">LT<\/td>\n<td width=\"59\">21,4<\/td>\n<td width=\"177\">ZLAT\u00c9 \/ golden<\/td>\n<\/tr>\n<tr>\n<td width=\"391\">2. Zorky Minsk<\/td>\n<td width=\"59\">BY<\/td>\n<td width=\"59\">20,5<\/td>\n<td width=\"177\">ST\u0158\u00cdBRN\u00c9 \/ silver<\/td>\n<\/tr>\n<tr>\n<td width=\"391\">3. Akordeonov\u00e9 duo SZU\u0160 \u0160kola pro Radost Praha<\/td>\n<td width=\"59\">CZ<\/td>\n<td width=\"59\">18,3<\/td>\n<td width=\"177\">ST\u0158\u00cdBRN\u00c9 \/ silver<\/td>\n<\/tr>\n<tr>\n<td width=\"391\">4. Trio of Siauliai Saulius Sondeckis art Gymnasium<\/td>\n<td width=\"59\">LT<\/td>\n<td width=\"59\">16,8<\/td>\n<td width=\"177\">ST\u0158\u00cdBRN\u00c9 \/ silver<\/td>\n<\/tr>\n<tr>\n<td width=\"391\">5. Akordeonov\u00e9 duo\u00a0 ZU\u0160 J. Hanu\u0161e Praha<\/td>\n<td width=\"59\">CZ<\/td>\n<td width=\"59\">15,3<\/td>\n<td width=\"177\">BRONZOV\u00c9 \/ bronze<\/td>\n<\/tr>\n<tr>\n<td width=\"391\">6. Duo akordeon a klav\u00edr ZU\u0160 J. Hanu\u0161e Praha<\/td>\n<td width=\"59\">CZ<\/td>\n<td width=\"59\">14,5<\/td>\n<td width=\"177\">BRONZOV\u00c9 \/ bronze<\/td>\n<\/tr>\n<\/tbody>\n<\/table>\n<p><strong>\u00a0<\/strong><\/p>\n<table width=\"686\">\n<tbody>\n<tr>\n<td width=\"391\"><strong>Kat. \/ Cat. IX.<\/strong><\/td>\n<td width=\"59\"><\/td>\n<td width=\"59\"><\/td>\n<td width=\"177\"><\/td>\n<\/tr>\n<tr>\n<td width=\"391\">1. M+M Duo Havl\u00ed\u010dk\u016fv Brod<\/td>\n<td width=\"59\">CZ<\/td>\n<td width=\"59\">23,7<\/td>\n<td width=\"177\">ZLAT\u00c9 \/ golden<\/td>\n<\/tr>\n<tr>\n<td width=\"391\">2. Trio di Nuovo Katowice<\/td>\n<td width=\"59\">PL<\/td>\n<td width=\"59\">23,5<\/td>\n<td width=\"177\">ZLAT\u00c9 \/ golden<\/td>\n<\/tr>\n<tr>\n<td width=\"391\">3. Duo ZSM Tarn\u00f3w Tarn\u00f3w<\/td>\n<td width=\"59\">PL<\/td>\n<td width=\"59\">21,8<\/td>\n<td width=\"177\">ZLAT\u00c9 \/ golden<\/td>\n<\/tr>\n<tr>\n<td width=\"391\">4. Tango Cuarteto del Sur Brno<\/td>\n<td width=\"59\">CZ<\/td>\n<td width=\"59\">20,3<\/td>\n<td width=\"177\">ST\u0158\u00cdBRN\u00c9 \/ silver<\/td>\n<\/tr>\n<\/tbody>\n<\/table>\n<p><strong>\u00a0<\/strong><\/p>\n<table width=\"686\">\n<tbody>\n<tr>\n<td width=\"391\"><strong>Kat. \/ Cat. X.<\/strong><\/td>\n<td width=\"59\"><\/td>\n<td width=\"59\"><\/td>\n<td width=\"177\"><\/td>\n<\/tr>\n<tr>\n<td width=\"391\">1. Accordion quintet of \u0160iauliai Dainu music school<\/td>\n<td width=\"59\">LT<\/td>\n<td width=\"59\">16,8<\/td>\n<td width=\"177\">ST\u0158\u00cdBRN\u00c9 \/ silver<\/td>\n<\/tr>\n<tr>\n<td width=\"391\">2. HARMONION Ro\u017emit\u00e1l pod T\u0159em\u0161\u00ednem<\/td>\n<td width=\"59\">CZ<\/td>\n<td width=\"59\">16<\/td>\n<td width=\"177\">ST\u0158\u00cdBRN\u00c9\/ silver<\/td>\n<\/tr>\n<\/tbody>\n<\/table>\n<p><strong>\u00a0<\/strong><\/p>\n<table width=\"686\">\n<tbody>\n<tr>\n<td width=\"391\"><strong>Kat. \/ Cat. XI.<\/strong><\/td>\n<td width=\"59\"><\/td>\n<td width=\"59\"><\/td>\n<td width=\"177\"><\/td>\n<\/tr>\n<tr>\n<td width=\"391\"><strong>1. Akkordeonensemble Leipzig <\/strong><\/td>\n<td width=\"59\"><strong>DE<\/strong><\/td>\n<td width=\"59\"><strong>23,9<\/strong><\/td>\n<td width=\"177\"><strong>ZLAT\u00c9 \/ golden<\/strong><\/td>\n<\/tr>\n<tr>\n<td width=\"391\">2. Diamond Accordion Quintet Co Meath<\/td>\n<td width=\"59\">IE<\/td>\n<td width=\"59\">18,5<\/td>\n<td width=\"177\">ST\u0158\u00cdBRN\u00c9 \/ silver<\/td>\n<\/tr>\n<\/tbody>\n<\/table>\n<p><strong>\u00a0<\/strong><\/p>\n<table width=\"686\">\n<tbody>\n<tr>\n<td width=\"391\"><strong>Kat. \/ Cat. XII.\u00a0<\/strong><\/td>\n<td width=\"59\"><strong>\u00a0<\/strong><\/td>\n<td width=\"59\"><\/td>\n<td width=\"177\"><\/td>\n<\/tr>\n<tr>\n<td width=\"391\">1. \u00c5s TREKKSPILLORKESTER<\/td>\n<td width=\"59\">NO<\/td>\n<td width=\"59\">20<\/td>\n<td width=\"177\">ST\u0158\u00cdBRN\u00c9 \/ silver<\/td>\n<\/tr>\n<tr>\n<td width=\"391\">1. CASTLETOWN YOUTH ACCORDION ORCHESTRA<\/td>\n<td width=\"59\">IE<\/td>\n<td width=\"59\">20<\/td>\n<td width=\"177\">ST\u0158\u00cdBRN\u00c9 \/ silver<\/td>\n<\/tr>\n<tr>\n<td width=\"391\">3. MUSICA HARMONICA \u010cerven\u00fd Kostelec<\/td>\n<td width=\"59\">CZ<\/td>\n<td width=\"59\">19,9<\/td>\n<td width=\"177\">ST\u0158\u00cdBRN\u00c9 \/ silver<\/td>\n<\/tr>\n<tr>\n<td width=\"391\">4. POHODA Havl\u00ed\u010dk\u016fv Brod<\/td>\n<td width=\"59\">CZ<\/td>\n<td width=\"59\">18<\/td>\n<td width=\"177\">ST\u0158\u00cdBRN\u00c9 \/ silver<\/td>\n<\/tr>\n<tr>\n<td width=\"391\">5. ACCORDIOONA-Junior-Orchestra Berlin<\/td>\n<td width=\"59\">DE<\/td>\n<td width=\"59\">17,5<\/td>\n<td width=\"177\">ST\u0158\u00cdBRN\u00c9 \/ silver<\/td>\n<\/tr>\n<tr>\n<td width=\"391\">6. ACCORD ZU\u0160 F. CHOPINA Mari\u00e1nsk\u00e9 L\u00e1zn\u011b<\/td>\n<td width=\"59\">CZ<\/td>\n<td width=\"59\">15,6<\/td>\n<td width=\"177\">BRONZOV\u00c9 \/ bronze<\/td>\n<\/tr>\n<\/tbody>\n<\/table>\n<p><strong>\u00a0<\/strong><\/p>\n<table width=\"686\">\n<tbody>\n<tr>\n<td width=\"391\"><strong>Kat. \/ Cat. XIII<\/strong><\/td>\n<td width=\"59\"><strong>\u00a0<\/strong><\/td>\n<td width=\"59\"><strong>\u00a0<\/strong><\/td>\n<td width=\"177\"><strong>\u00a0<\/strong><\/td>\n<\/tr>\n<tr>\n<td width=\"391\">1. Akkordeonorchester der Musik-und Kunstschule &#8222;Ottmar Gerster&#8220; Leipzig<\/td>\n<td width=\"59\">DE<\/td>\n<td width=\"59\">22,6<\/td>\n<td width=\"177\">ZLAT\u00c9 \/ golden<\/td>\n<\/tr>\n<tr>\n<td width=\"391\">2. Accordion Orchestra &#8211; Kragujevac<\/td>\n<td width=\"59\">SR<\/td>\n<td width=\"59\">22,4<\/td>\n<td width=\"177\">ZLAT\u00c9 \/ golden<\/td>\n<\/tr>\n<tr>\n<td width=\"391\">3. Castletown Accordion Orchestra<\/td>\n<td width=\"59\">IE<\/td>\n<td width=\"59\">19,8<\/td>\n<td width=\"177\">ST\u0158\u00cdBRN\u00c9 \/ silver<\/td>\n<\/tr>\n<\/tbody>\n<\/table>\n<p><strong>\u00a0<\/strong><\/p>\n<table width=\"686\">\n<tbody>\n<tr>\n<td width=\"391\"><strong>Kat. \/ Cat. XIV<\/strong><\/td>\n<td width=\"59\"><strong>\u00a0<\/strong><\/td>\n<td width=\"59\"><strong>\u00a0<\/strong><\/td>\n<td width=\"177\"><strong>\u00a0<\/strong><\/td>\n<\/tr>\n<tr>\n<td width=\"391\">1. Castletown Accordion Orchestra<\/td>\n<td width=\"59\">IE<\/td>\n<td width=\"59\">21<\/td>\n<td width=\"177\">ZLAT\u00c9 \/ golden<\/td>\n<\/tr>\n<\/tbody>\n<\/table>\n<p>&nbsp;<\/p>\n","protected":false},"excerpt":{"rendered":"<p>21 \u2013 25 zlat\u00e9 p\u00e1smo 16 \u2013 20,99 st\u0159\u00edbrn\u00e9 p\u00e1smo 11 \u2013 15,99 bronzov\u00e9 p\u00e1smo POROTA \/ JURY II. Kat. \/ Cat. VIII \u00a0 \u00a0 P\u00e1smo \/ zone 1. Accordion Duo Garliava LT 21,4 ZLAT\u00c9 \/ golden 2. Zorky Minsk&hellip; <\/p>\n","protected":false},"author":2,"featured_media":0,"parent":73,"menu_order":0,"comment_status":"closed","ping_status":"closed","template":"","meta":{"footnotes":""},"class_list":["post-902","page","type-page","status-publish","hentry"],"_links":{"self":[{"href":"https:\/\/www.accordion.cz\/index.php?rest_route=\/wp\/v2\/pages\/902"}],"collection":[{"href":"https:\/\/www.accordion.cz\/index.php?rest_route=\/wp\/v2\/pages"}],"about":[{"href":"https:\/\/www.accordion.cz\/index.php?rest_route=\/wp\/v2\/types\/page"}],"author":[{"embeddable":true,"href":"https:\/\/www.accordion.cz\/index.php?rest_route=\/wp\/v2\/users\/2"}],"replies":[{"embeddable":true,"href":"https:\/\/www.accordion.cz\/index.php?rest_route=%2Fwp%2Fv2%2Fcomments&post=902"}],"version-history":[{"count":37,"href":"https:\/\/www.accordion.cz\/index.php?rest_route=\/wp\/v2\/pages\/902\/revisions"}],"predecessor-version":[{"id":1503,"href":"https:\/\/www.accordion.cz\/index.php?rest_route=\/wp\/v2\/pages\/902\/revisions\/1503"}],"up":[{"embeddable":true,"href":"https:\/\/www.accordion.cz\/index.php?rest_route=\/wp\/v2\/pages\/73"}],"wp:attachment":[{"href":"https:\/\/www.accordion.cz\/index.php?rest_route=%2Fwp%2Fv2%2Fmedia&parent=902"}],"curies":[{"name":"wp","href":"https:\/\/api.w.org\/{rel}","templated":true}]}}