{"id":456,"date":"2015-10-16T07:30:16","date_gmt":"2015-10-16T06:30:16","guid":{"rendered":"http:\/\/www.accordion.cz\/?page_id=456"},"modified":"2019-01-06T12:20:23","modified_gmt":"2019-01-06T11:20:23","slug":"wettbewerber","status":"publish","type":"page","link":"https:\/\/www.accordion.cz\/?page_id=456&lang=de","title":{"rendered":"ERGEBNISSE"},"content":{"rendered":"<p><strong>Wettbewerb ergebnisse<\/strong><\/p>\n<p>21 &#8211; 25 golden zone<\/p>\n<p>16 &#8211; 20,9 silver zone<\/p>\n<p>11 &#8211; 15,9 bronze zone<\/p>\n<p><strong>JURY\u00a0I.<\/strong><\/p>\n<table width=\"606\">\n<tbody>\n<tr>\n<td width=\"103\"><span style=\"color: #ff0000;\"><strong>Kateg.<\/strong><\/span><span style=\"color: #ff0000;\"><strong> VII.<\/strong><\/span><\/td>\n<td width=\"220\">Jm\u00e9no \/ Name<\/td>\n<td width=\"48\"><\/td>\n<td width=\"66\"><strong>\u00d8 2.<\/strong><\/td>\n<td width=\"67\"><strong>\u00d8 1.<\/strong><\/td>\n<td width=\"102\"><strong>\u00d8 1.+2.<\/strong><\/td>\n<\/tr>\n<tr>\n<td width=\"103\">1<\/td>\n<td width=\"220\"><strong>MARK\u00c9TA LA\u0160TOVI\u010cKOV\u00c1<\/strong><\/td>\n<td width=\"48\">CZ<\/td>\n<td width=\"66\"><strong>23,8<\/strong><\/td>\n<td width=\"67\"><strong>23,7<\/strong><\/td>\n<td width=\"102\"><strong>23,75<\/strong><\/td>\n<\/tr>\n<tr>\n<td width=\"103\">2<\/td>\n<td width=\"220\"><strong>Bartosz Ko\u0142sut<\/strong><\/td>\n<td width=\"48\">PL<\/td>\n<td width=\"66\"><strong>23,5<\/strong><\/td>\n<td width=\"67\"><strong>23,4<\/strong><\/td>\n<td width=\"102\"><strong>23,45<\/strong><\/td>\n<\/tr>\n<tr>\n<td width=\"103\">3<\/td>\n<td width=\"220\"><strong>Azmir Halilovic<\/strong><\/td>\n<td width=\"48\">BiH<\/td>\n<td width=\"66\"><strong>23,2<\/strong><\/td>\n<td width=\"67\"><strong>23<\/strong><\/td>\n<td width=\"102\"><strong>23,1<\/strong><\/td>\n<\/tr>\n<tr>\n<td width=\"103\">4<\/td>\n<td width=\"220\"><strong>Adam Maksymienko<\/strong><\/td>\n<td width=\"48\">PL<\/td>\n<td width=\"66\"><strong>23,1<\/strong><\/td>\n<td width=\"67\"><strong>22,1<\/strong><\/td>\n<td width=\"102\"><strong>22,6<\/strong><\/td>\n<\/tr>\n<tr>\n<td width=\"103\">5<\/td>\n<td width=\"220\"><strong>Edin Cekic<\/strong><\/td>\n<td width=\"48\">BiH<\/td>\n<td width=\"66\"><strong>22,4<\/strong><\/td>\n<td width=\"67\"><strong>21,7<\/strong><\/td>\n<td width=\"102\"><strong>22,05<\/strong><\/td>\n<\/tr>\n<tr>\n<td width=\"103\">6<\/td>\n<td width=\"220\"><strong>Ihar Kvashevich<\/strong><\/td>\n<td width=\"48\">DE<\/td>\n<td width=\"66\"><strong>21,6<\/strong><\/td>\n<td width=\"67\"><strong>22<\/strong><\/td>\n<td width=\"102\"><strong>21,8<\/strong><\/td>\n<\/tr>\n<tr>\n<td width=\"103\">7<\/td>\n<td width=\"220\"><strong>Petr Vacek<\/strong><\/td>\n<td width=\"48\">CZ<\/td>\n<td width=\"66\"><strong>21,4<\/strong><\/td>\n<td width=\"67\"><strong>22,2<\/strong><\/td>\n<td width=\"102\"><strong>21,8<\/strong><\/td>\n<\/tr>\n<tr>\n<td width=\"103\">1. k. \/ 1st r.<\/td>\n<td width=\"220\">\u0141ukasz Brzezina<\/td>\n<td width=\"48\">PL<\/td>\n<td colspan=\"2\" width=\"133\">zlat\u00e9 \/ golden<\/td>\n<td width=\"102\">21,6<\/td>\n<\/tr>\n<tr>\n<td width=\"103\">1. k. \/ 1st r.<\/td>\n<td width=\"220\">Roman Liashko<\/td>\n<td width=\"48\">CZ<\/td>\n<td colspan=\"2\" width=\"133\">zlat\u00e9 \/ golden<\/td>\n<td width=\"102\">21,1<\/td>\n<\/tr>\n<tr>\n<td width=\"103\">1. k. \/ 1st r.<\/td>\n<td width=\"220\">Zlatan Music<\/td>\n<td width=\"48\">BiH<\/td>\n<td colspan=\"2\" width=\"133\">st\u0159\u00edbrn\u00e9 \/ silver<\/td>\n<td width=\"102\">20,6<\/td>\n<\/tr>\n<tr>\n<td width=\"103\">1. k. \/ 1st r.<\/td>\n<td width=\"220\">Adam Dufek<\/td>\n<td width=\"48\">CZ<\/td>\n<td colspan=\"2\" width=\"133\">st\u0159\u00edbrn\u00e9 \/ silver<\/td>\n<td width=\"102\">19,5<\/td>\n<\/tr>\n<tr>\n<td width=\"103\">1. k. \/ 1st r.<\/td>\n<td width=\"220\">Sandra Bommeli<\/td>\n<td width=\"48\">DE<\/td>\n<td colspan=\"2\" width=\"133\">st\u0159\u00edbrn\u00e9 \/ silver<\/td>\n<td width=\"102\">17,4<\/td>\n<\/tr>\n<tr>\n<td width=\"103\">1. k. \/ 1st r.<\/td>\n<td width=\"220\">Eszter Hajdu<\/td>\n<td width=\"48\">HU<\/td>\n<td colspan=\"2\" width=\"133\">st\u0159\u00edbrn\u00e9 \/ silver<\/td>\n<td width=\"102\">17<\/td>\n<\/tr>\n<tr>\n<td width=\"103\">1. k. \/ 1st r.<\/td>\n<td width=\"220\">Viktoria Sabo<\/td>\n<td width=\"48\">HU<\/td>\n<td colspan=\"2\" width=\"133\">bronze<\/td>\n<td width=\"102\">14,8<\/td>\n<\/tr>\n<\/tbody>\n<\/table>\n<p><strong>\u00a0<\/strong><\/p>\n<p><strong>JURY I.<\/strong><\/p>\n<table width=\"606\">\n<tbody>\n<tr>\n<td width=\"103\"><span style=\"color: #ff0000;\"><strong>Kategorie I.<\/strong><\/span><span style=\"color: #ff0000;\"><strong>\u00a0<\/strong><\/span><\/td>\n<td colspan=\"2\" width=\"267\">Jm\u00e9no \/ Name<\/td>\n<td colspan=\"2\" width=\"134\">p\u00e1smo \/ zone<\/td>\n<td width=\"102\">body \/ points<\/td>\n<\/tr>\n<tr>\n<td width=\"103\">1.<\/td>\n<td width=\"220\"><strong>Bartosz Dzi\u0119gielewski<\/strong><\/td>\n<td colspan=\"2\" width=\"48\">PL<\/td>\n<td width=\"133\"><strong>zlat\u00e9 \/ golden<\/strong><\/td>\n<td width=\"102\"><strong>23<\/strong><\/td>\n<\/tr>\n<tr>\n<td width=\"103\">2.<\/td>\n<td width=\"220\"><strong>Martin Smi\u010dek<\/strong><\/td>\n<td colspan=\"2\" width=\"48\">SK<\/td>\n<td width=\"133\"><strong>zlat\u00e9 \/ golden<\/strong><\/td>\n<td width=\"102\"><strong>21,9<\/strong><\/td>\n<\/tr>\n<tr>\n<td width=\"103\">3.<\/td>\n<td width=\"220\"><strong>Eva Narauskait\u0117<\/strong><\/td>\n<td colspan=\"2\" width=\"48\">LT<\/td>\n<td width=\"133\"><strong>zlat\u00e9 \/ golden<\/strong><\/td>\n<td width=\"102\"><strong>21,4<\/strong><\/td>\n<\/tr>\n<tr>\n<td width=\"103\">4.<\/td>\n<td width=\"220\"><strong>Ema Ka\u0161parov\u00e1<\/strong><\/td>\n<td colspan=\"2\" width=\"48\">CZ<\/td>\n<td width=\"133\"><strong>zlat\u00e9 \/ golden<\/strong><\/td>\n<td width=\"102\"><strong>21,3<\/strong><\/td>\n<\/tr>\n<tr>\n<td width=\"103\">5.<\/td>\n<td width=\"220\"><strong>Samuel K\u00e1n<\/strong><\/td>\n<td colspan=\"2\" width=\"48\">CZ<\/td>\n<td width=\"133\"><strong>st\u0159\u00edbrn\u00e9 \/ silver<\/strong><\/td>\n<td width=\"102\"><strong>20,1<\/strong><\/td>\n<\/tr>\n<tr>\n<td width=\"103\">6.<\/td>\n<td width=\"220\"><strong>Jan Vrasp\u00edr<\/strong><\/td>\n<td colspan=\"2\" width=\"48\">CZ<\/td>\n<td width=\"133\"><strong>st\u0159\u00edbrn\u00e9 \/ silver<\/strong><\/td>\n<td width=\"102\"><strong>20<\/strong><\/td>\n<\/tr>\n<tr>\n<td width=\"103\"><\/td>\n<td width=\"220\"><\/td>\n<td width=\"47\"><\/td>\n<td width=\"1\"><\/td>\n<td width=\"133\"><\/td>\n<td width=\"102\"><\/td>\n<\/tr>\n<\/tbody>\n<\/table>\n<p><strong>JURY I.<\/strong><\/p>\n<table>\n<tbody>\n<tr>\n<td width=\"103\"><span style=\"color: #ff0000;\"><strong>Kateg II.<\/strong><\/span><\/td>\n<td colspan=\"2\" width=\"267\">Jm\u00e9no \/ Name<\/td>\n<td width=\"134\">p\u00e1smo \/ zone<\/td>\n<td width=\"102\">body \/ points<\/td>\n<\/tr>\n<tr>\n<td width=\"103\">1<\/td>\n<td width=\"220\"><strong>Mathias Rugsveen<\/strong><\/td>\n<td width=\"47\">N<\/td>\n<td width=\"134\"><strong>zlat\u00e9 \/ golden<\/strong><\/td>\n<td width=\"102\"><strong>23,3<\/strong><\/td>\n<\/tr>\n<tr>\n<td width=\"103\">2<\/td>\n<td width=\"220\"><strong>Mantas Leonard Lizzi<\/strong><\/td>\n<td width=\"47\">LT<\/td>\n<td width=\"134\"><strong>zlat\u00e9 \/ golden<\/strong><\/td>\n<td width=\"102\"><strong>23,2<\/strong><\/td>\n<\/tr>\n<tr>\n<td width=\"103\">3<\/td>\n<td width=\"220\"><strong>Gabriel Staszewski<\/strong><\/td>\n<td width=\"47\">PL<\/td>\n<td width=\"134\"><strong>zlat\u00e9 \/ golden<\/strong><\/td>\n<td width=\"102\"><strong>22<\/strong><\/td>\n<\/tr>\n<tr>\n<td width=\"103\">4<\/td>\n<td width=\"220\"><strong>Elizaveta Zhelezova<\/strong><\/td>\n<td width=\"47\">R<\/td>\n<td width=\"134\"><strong>zlat\u00e9 \/ golden<\/strong><\/td>\n<td width=\"102\"><strong>21,9<\/strong><\/td>\n<\/tr>\n<tr>\n<td width=\"103\">5<\/td>\n<td width=\"220\"><strong>Jakub Smi\u010dek<\/strong><\/td>\n<td width=\"47\">SK<\/td>\n<td width=\"134\"><strong>zlat\u00e9 \/ golden<\/strong><\/td>\n<td width=\"102\"><strong>21,3<\/strong><\/td>\n<\/tr>\n<tr>\n<td width=\"103\">6<\/td>\n<td width=\"220\"><strong>Michaela \u0160r\u00e1mkov\u00e1<\/strong><\/td>\n<td width=\"47\">CZ<\/td>\n<td width=\"134\"><strong>zlat\u00e9 \/ golden<\/strong><\/td>\n<td width=\"102\"><strong>21,2<\/strong><\/td>\n<\/tr>\n<tr>\n<td width=\"103\">7<\/td>\n<td width=\"220\"><strong>Ond\u0159ej Krej\u010da<\/strong><\/td>\n<td width=\"47\">CZ<\/td>\n<td width=\"134\"><strong>st\u0159\u00edbrn\u00e9 \/ silver<\/strong><\/td>\n<td width=\"102\"><strong>20,8<\/strong><\/td>\n<\/tr>\n<tr>\n<td width=\"103\">8<\/td>\n<td width=\"220\"><strong>Gabriel\u0117 Jasiukevi\u010di\u016bt\u0117<\/strong><\/td>\n<td width=\"47\">LT<\/td>\n<td width=\"134\"><strong>st\u0159\u00edbrn\u00e9 \/ silver<\/strong><\/td>\n<td width=\"102\"><strong>20,5<\/strong><\/td>\n<\/tr>\n<tr>\n<td width=\"103\">9<\/td>\n<td width=\"220\"><strong>\u0160t\u011bp\u00e1n Kone\u010dn\u00fd<\/strong><\/td>\n<td width=\"47\">CZ<\/td>\n<td width=\"134\"><strong>st\u0159\u00edbrn\u00e9 \/ silver<\/strong><\/td>\n<td width=\"102\"><strong>19,8<\/strong><\/td>\n<\/tr>\n<tr>\n<td width=\"103\">10<\/td>\n<td width=\"220\"><strong>Semen Dolgoborodov<\/strong><\/td>\n<td width=\"47\">R<\/td>\n<td width=\"134\"><strong>st\u0159\u00edbrn\u00e9 \/ silver<\/strong><\/td>\n<td width=\"102\"><strong>19,4<\/strong><\/td>\n<\/tr>\n<tr>\n<td width=\"103\">11<\/td>\n<td width=\"220\"><strong>Martin Waldhauser<\/strong><\/td>\n<td width=\"47\">CZ<\/td>\n<td width=\"134\"><strong>st\u0159\u00edbrn\u00e9 \/ silver<\/strong><\/td>\n<td width=\"102\"><strong>18,3<\/strong><\/td>\n<\/tr>\n<tr>\n<td width=\"103\">12<\/td>\n<td width=\"220\"><strong>Barbora Studen\u00e1<\/strong><\/td>\n<td width=\"47\">CZ<\/td>\n<td width=\"134\"><strong>st\u0159\u00edbrn\u00e9 \/ silver<\/strong><\/td>\n<td width=\"102\"><strong>17,6<\/strong><\/td>\n<\/tr>\n<\/tbody>\n<\/table>\n<p><strong>\u00a0<\/strong><\/p>\n<p><strong>JURY I.<\/strong><\/p>\n<table width=\"606\">\n<tbody>\n<tr>\n<td width=\"103\"><span style=\"color: #ff0000;\"><strong>Kateg. III.<\/strong><\/span><\/td>\n<td colspan=\"2\" width=\"268\">Jm\u00e9no \/ Name<\/td>\n<td width=\"133\">p\u00e1smo \/ zone<\/td>\n<td width=\"102\">body \/ points<\/td>\n<\/tr>\n<tr>\n<td width=\"103\">1.<\/td>\n<td width=\"220\"><strong>Leonid Muravjov<\/strong><\/td>\n<td width=\"48\">SW<\/td>\n<td width=\"133\"><strong>zlat\u00e9 \/ golden<\/strong><\/td>\n<td width=\"102\"><strong>24,2<\/strong><\/td>\n<\/tr>\n<tr>\n<td width=\"103\">2<\/td>\n<td width=\"220\"><strong>Martin Kot<\/strong><\/td>\n<td width=\"48\">CZ<\/td>\n<td width=\"133\"><strong>zlat\u00e9 \/ golden<\/strong><\/td>\n<td width=\"102\"><strong>23<\/strong><\/td>\n<\/tr>\n<tr>\n<td width=\"103\">3<\/td>\n<td width=\"220\"><strong>Martin \u0160ulc<\/strong><\/td>\n<td width=\"48\">CZ<\/td>\n<td width=\"133\"><strong>zlat\u00e9 \/ golden<\/strong><\/td>\n<td width=\"102\"><strong>22,7<\/strong><\/td>\n<\/tr>\n<tr>\n<td width=\"103\">4<\/td>\n<td width=\"220\"><strong>Anna Na\u0142\u0119cz<\/strong><\/td>\n<td width=\"48\">PL<\/td>\n<td width=\"133\"><strong>zlat\u00e9 \/ golden<\/strong><\/td>\n<td width=\"102\"><strong>22,6<\/strong><\/td>\n<\/tr>\n<tr>\n<td width=\"103\">5<\/td>\n<td width=\"220\"><strong>Arsenyi Sinyushkin<\/strong><\/td>\n<td width=\"48\">R<\/td>\n<td width=\"133\"><strong>zlat\u00e9 \/ golden<\/strong><\/td>\n<td width=\"102\"><strong>22,5<\/strong><\/td>\n<\/tr>\n<tr>\n<td width=\"103\">6 -7<\/td>\n<td width=\"220\"><strong>Anna \u0160est\u00e1kov\u00e1<\/strong><\/td>\n<td width=\"48\">CZ<\/td>\n<td width=\"133\"><strong>zlat\u00e9 \/ golden<\/strong><\/td>\n<td width=\"102\"><strong>21,5<\/strong><\/td>\n<\/tr>\n<tr>\n<td width=\"103\">6 -7<\/td>\n<td width=\"220\"><strong>Egl\u0117 Ieva Kazakevi\u010di\u016bt\u0117<\/strong><\/td>\n<td width=\"48\">LT<\/td>\n<td width=\"133\"><strong>zlat\u00e9 \/ golden<\/strong><\/td>\n<td width=\"102\"><strong>21,5<\/strong><\/td>\n<\/tr>\n<tr>\n<td width=\"103\">8<\/td>\n<td width=\"220\"><strong>Matas Girdzijauskas<\/strong><\/td>\n<td width=\"48\">LT<\/td>\n<td width=\"133\"><strong>st\u0159\u00edbrn\u00e9 \/ silver<\/strong><\/td>\n<td width=\"102\"><strong>20,9<\/strong><\/td>\n<\/tr>\n<tr>\n<td width=\"103\">9<\/td>\n<td width=\"220\"><strong>Kristi\u00e1n Filip<\/strong><\/td>\n<td width=\"48\">CZ<\/td>\n<td width=\"133\"><strong>st\u0159\u00edbrn\u00e9 \/ silver<\/strong><\/td>\n<td width=\"102\"><strong>20,6<\/strong><\/td>\n<\/tr>\n<tr>\n<td width=\"103\">10<\/td>\n<td width=\"220\"><strong>Anna Zaj\u00ed\u010dkov\u00e1<\/strong><\/td>\n<td width=\"48\">CZ<\/td>\n<td width=\"133\"><strong>st\u0159\u00edbrn\u00e9 \/ silver<\/strong><\/td>\n<td width=\"102\"><strong>20<\/strong><\/td>\n<\/tr>\n<tr>\n<td width=\"103\">11<\/td>\n<td width=\"220\"><strong>Kate\u0159ina T\u016fmov\u00e1<\/strong><\/td>\n<td width=\"48\">CZ<\/td>\n<td width=\"133\"><strong>st\u0159\u00edbrn\u00e9 \/ silver<\/strong><\/td>\n<td width=\"102\"><strong>19,9<\/strong><\/td>\n<\/tr>\n<tr>\n<td width=\"103\">12<\/td>\n<td width=\"220\"><strong>Karol\u00edna Zemene<\/strong><\/td>\n<td width=\"48\">CZ<\/td>\n<td width=\"133\"><strong>st\u0159\u00edbrn\u00e9 \/ silver<\/strong><\/td>\n<td width=\"102\"><strong>19,8<\/strong><\/td>\n<\/tr>\n<tr>\n<td width=\"103\">13<\/td>\n<td width=\"220\"><strong>Jorigis Vaiksnoras<\/strong><\/td>\n<td width=\"48\">LT<\/td>\n<td width=\"133\"><strong>st\u0159\u00edbrn\u00e9 \/ silver<\/strong><\/td>\n<td width=\"102\"><strong>18,8<\/strong><\/td>\n<\/tr>\n<\/tbody>\n<\/table>\n<p>&nbsp;<\/p>\n<p><strong>JURY II.<\/strong><\/p>\n<table width=\"606\">\n<tbody>\n<tr>\n<td width=\"103\"><span style=\"color: #ff0000;\"><strong>Kateg.<\/strong><\/span><span style=\"color: #ff0000;\"><strong>IV.<\/strong><\/span><\/td>\n<td colspan=\"2\" width=\"268\">Jm\u00e9no \/ Name<\/td>\n<td width=\"133\">p\u00e1smo \/ zone<\/td>\n<td width=\"102\">body \/ points<\/td>\n<\/tr>\n<tr>\n<td width=\"103\">1<\/td>\n<td width=\"220\"><strong>Josef Krupi\u010dka<\/strong><\/td>\n<td width=\"48\">CZ<\/td>\n<td width=\"133\"><strong>zlat\u00e9 \/ golden<\/strong><\/td>\n<td width=\"102\"><strong>21<\/strong><\/td>\n<\/tr>\n<tr>\n<td width=\"103\">2<\/td>\n<td width=\"220\"><strong>Ond\u0159ej Nov\u00e1k<\/strong><\/td>\n<td width=\"48\">CZ<\/td>\n<td width=\"133\"><strong>st\u0159\u00edbrn\u00e9 \/ silver<\/strong><\/td>\n<td width=\"102\"><strong>18,6<\/strong><\/td>\n<\/tr>\n<tr>\n<td width=\"103\">3<\/td>\n<td width=\"220\"><strong>Karolis Leonas Lukosevicius<\/strong><\/td>\n<td width=\"48\">LT<\/td>\n<td width=\"133\"><strong>st\u0159\u00edbrn\u00e9 \/ silver<\/strong><\/td>\n<td width=\"102\"><strong>17,9<\/strong><\/td>\n<\/tr>\n<tr>\n<td width=\"103\">4<\/td>\n<td width=\"220\"><strong>Piotr Potera\u0142a<\/strong><\/td>\n<td width=\"48\">PL<\/td>\n<td width=\"133\"><strong>st\u0159\u00edbrn\u00e9 \/ silver<\/strong><\/td>\n<td width=\"102\"><strong>17,8<\/strong><\/td>\n<\/tr>\n<tr>\n<td width=\"103\">5<\/td>\n<td width=\"220\"><strong>Jeron\u00fdm \u0160irok\u00fd<\/strong><\/td>\n<td width=\"48\">CZ<\/td>\n<td width=\"133\"><strong>bronzov\u00e9 \/ bronze<\/strong><\/td>\n<td width=\"102\"><strong>15,6<\/strong><\/td>\n<\/tr>\n<\/tbody>\n<\/table>\n<p>&nbsp;<\/p>\n<p><strong>JURY II.<\/strong><\/p>\n<table width=\"606\">\n<tbody>\n<tr>\n<td width=\"103\"><span style=\"color: #ff0000;\"><strong>Kateg. V.<\/strong><\/span><\/td>\n<td colspan=\"2\" width=\"268\">Jm\u00e9no \/ Name<\/td>\n<td width=\"133\">p\u00e1smo \/ zone<\/td>\n<td width=\"102\">body \/ points<\/td>\n<\/tr>\n<tr>\n<td width=\"103\">1<\/td>\n<td width=\"220\"><strong>Piotr Igor Motyka<\/strong><\/td>\n<td width=\"48\">PL<\/td>\n<td width=\"133\"><strong>zlat\u00e9 \/ golden<\/strong><\/td>\n<td width=\"102\"><strong>23,9<\/strong><\/td>\n<\/tr>\n<tr>\n<td width=\"103\">2<\/td>\n<td width=\"220\"><strong>Drago Garic<\/strong><\/td>\n<td width=\"48\">SRB<\/td>\n<td width=\"133\"><strong>zlat\u00e9 \/ golden<\/strong><\/td>\n<td width=\"102\"><strong>23,5<\/strong><\/td>\n<\/tr>\n<tr>\n<td width=\"103\">3<\/td>\n<td width=\"220\"><strong>Matas Reimoris<\/strong><\/td>\n<td width=\"48\">LT<\/td>\n<td width=\"133\"><strong>zlat\u00e9 \/ golden<\/strong><\/td>\n<td width=\"102\"><strong>21,8<\/strong><\/td>\n<\/tr>\n<tr>\n<td width=\"103\">4<\/td>\n<td width=\"220\"><strong>Algirdas Benetis<\/strong><\/td>\n<td width=\"48\">LT<\/td>\n<td width=\"133\"><strong>zlat\u00e9 \/ golden<\/strong><\/td>\n<td width=\"102\"><strong>21,5<\/strong><\/td>\n<\/tr>\n<tr>\n<td width=\"103\">5<\/td>\n<td width=\"220\"><strong>Martin Klime\u0161<\/strong><\/td>\n<td width=\"48\">CZ<\/td>\n<td width=\"133\"><strong>st\u0159\u00edbrn\u00e9 \/ silver<\/strong><\/td>\n<td width=\"102\"><strong>17,6<\/strong><\/td>\n<\/tr>\n<tr>\n<td width=\"103\">6<\/td>\n<td width=\"220\"><strong>Petra Markov\u00e1<\/strong><\/td>\n<td width=\"48\">CZ<\/td>\n<td width=\"133\"><strong>st\u0159\u00edbrn\u00e9 \/ silver<\/strong><\/td>\n<td width=\"102\"><strong>16,6<\/strong><\/td>\n<\/tr>\n<tr>\n<td width=\"103\">7<\/td>\n<td width=\"220\"><strong>Karel \u0160pinka<\/strong><\/td>\n<td width=\"48\">CZ<\/td>\n<td width=\"133\"><strong>bronzov\u00e9 \/ bronze<\/strong><\/td>\n<td width=\"102\"><strong>15,4<\/strong><\/td>\n<\/tr>\n<tr>\n<td width=\"103\">8<\/td>\n<td width=\"220\"><strong>Veronika Holcov\u00e1<\/strong><\/td>\n<td width=\"48\">CZ<\/td>\n<td width=\"133\"><strong>bronzov\u00e9 \/ bronze<\/strong><\/td>\n<td width=\"102\"><strong>14,5<\/strong><\/td>\n<\/tr>\n<\/tbody>\n<\/table>\n<p>&nbsp;<\/p>\n<p><strong>JURY I.<\/strong><\/p>\n<table width=\"616\">\n<tbody>\n<tr>\n<td width=\"103\"><span style=\"color: #ff0000;\"><strong>Kateg.<\/strong><\/span><span style=\"color: #ff0000;\"><strong> VI.<\/strong><\/span><\/td>\n<td colspan=\"2\" width=\"268\">Jm\u00e9no \/ Name<\/td>\n<td width=\"134\">p\u00e1smo \/ zone<\/td>\n<td width=\"111\">body \/ points<\/td>\n<\/tr>\n<tr>\n<td width=\"103\">1<\/td>\n<td width=\"220\"><strong>Aleksa Mirkovi\u010d<\/strong><\/td>\n<td width=\"48\">SRB<\/td>\n<td width=\"134\"><strong>zlat\u00e9 \/ golden<\/strong><\/td>\n<td width=\"111\"><strong>23,6<\/strong><\/td>\n<\/tr>\n<tr>\n<td width=\"103\">2<\/td>\n<td width=\"220\"><strong>Valentin Metzger<\/strong><\/td>\n<td width=\"48\">DE<\/td>\n<td width=\"134\"><strong>zlat\u00e9 \/ golden<\/strong><\/td>\n<td width=\"111\"><strong>22,5<\/strong><\/td>\n<\/tr>\n<tr>\n<td width=\"103\">3<\/td>\n<td width=\"220\"><strong>Emilis \u010cepulis<\/strong><\/td>\n<td width=\"48\">LT<\/td>\n<td width=\"134\"><strong>zlat\u00e9 \/ golden<\/strong><\/td>\n<td width=\"111\"><strong>21,7<\/strong><\/td>\n<\/tr>\n<tr>\n<td width=\"103\">4<\/td>\n<td width=\"220\"><strong>Alma Petrauskaite<\/strong><\/td>\n<td width=\"48\">LT<\/td>\n<td width=\"134\"><strong>st\u0159\u00edbrn\u00e9 \/ silver<\/strong><\/td>\n<td width=\"111\"><strong>19,8<\/strong><\/td>\n<\/tr>\n<tr>\n<td width=\"103\">5<\/td>\n<td width=\"220\"><strong>Petra Bo\u010dkov\u00e1<\/strong><\/td>\n<td width=\"48\">CZ<\/td>\n<td width=\"134\"><strong>st\u0159\u00edbrn\u00e9 \/ silver<\/strong><\/td>\n<td width=\"111\"><strong>18<\/strong><\/td>\n<\/tr>\n<\/tbody>\n<\/table>\n<p>&nbsp;<\/p>\n<p><strong>POROTA \/ JURY II.<\/strong><\/p>\n<p><strong>\u00a0<\/strong><\/p>\n<table width=\"615\">\n<tbody>\n<tr>\n<td width=\"67\"><\/td>\n<td width=\"265\"><strong>N\u00e1zev \/ Name<\/strong><\/td>\n<td width=\"47\"><\/td>\n<td width=\"76\"><\/td>\n<td width=\"161\"><strong>\u00a0<\/strong><\/td>\n<\/tr>\n<tr>\n<td width=\"67\"><strong>XI. <\/strong><\/td>\n<td width=\"265\"><strong>Akkordeon-Orchester Grenzach<\/strong><\/td>\n<td width=\"47\">DE<\/td>\n<td width=\"76\">23,9<\/td>\n<td width=\"161\"><strong>zlat\u00e9 \/ golden<\/strong><\/td>\n<\/tr>\n<tr>\n<td width=\"67\">\u00a0<strong>VIII.<\/strong><\/td>\n<td width=\"265\"><strong>Ensemble Novi Quatro<\/strong><\/td>\n<td width=\"47\">DE<\/td>\n<td width=\"76\">22,5<\/td>\n<td width=\"161\"><strong>zlat\u00e9 \/ golden<\/strong><\/td>\n<\/tr>\n<tr>\n<td width=\"67\"><\/td>\n<td width=\"265\"><strong>Plunges Mykolo Oginskio art school chamber ensemble<\/strong><\/td>\n<td width=\"47\">LT<\/td>\n<td width=\"76\">19,3<\/td>\n<td width=\"161\"><strong>st\u0159\u00edbrn\u00e9 \/ silver<\/strong><\/td>\n<\/tr>\n<tr>\n<td width=\"67\"><\/td>\n<td width=\"265\"><strong>Severnye zabavy<\/strong><\/td>\n<td width=\"47\">R<\/td>\n<td width=\"76\">17,8<\/td>\n<td width=\"161\"><strong>st\u0159\u00edbrn\u00e9 \/ silver<\/strong><\/td>\n<\/tr>\n<tr>\n<td width=\"67\"><strong>\u00a0<\/strong><\/td>\n<td width=\"265\"><strong>Vesele klavesy<\/strong><\/td>\n<td width=\"47\">R<\/td>\n<td width=\"76\">15<\/td>\n<td width=\"161\"><strong>bronzov\u00e9 \/ bronze<\/strong><\/td>\n<\/tr>\n<tr>\n<td width=\"67\"><strong>IX.<\/strong><\/td>\n<td width=\"265\"><strong>Tango Cuarteto del Campo<\/strong><\/td>\n<td width=\"47\">CZ<\/td>\n<td width=\"76\">21,3<\/td>\n<td width=\"161\"><strong>zlat\u00e9 \/ golden<\/strong><\/td>\n<\/tr>\n<tr>\n<td width=\"67\"><\/td>\n<td width=\"265\"><strong>Musica Harmonica <\/strong><\/td>\n<td width=\"47\">CZ<\/td>\n<td width=\"76\">17,8<\/td>\n<td width=\"161\"><strong>st\u0159\u00edbrn\u00e9 \/ silver<\/strong><\/td>\n<\/tr>\n<tr>\n<td width=\"67\"><strong>X. <\/strong><\/td>\n<td width=\"265\"><strong>Pohoda<\/strong><\/td>\n<td width=\"47\">CZ<\/td>\n<td width=\"76\">19,8<\/td>\n<td width=\"161\"><strong>st\u0159\u00edbrn\u00e9 \/ silver<\/strong><\/td>\n<\/tr>\n<\/tbody>\n<\/table>\n<p><strong>\u00a0<\/strong><\/p>\n<p align=\"RIGHT\"><span style=\"font-family: Calibri, serif;\"><span style=\"font-size: x-large;\"><b>\u00a0<\/b><\/span><\/span><\/p>\n","protected":false},"excerpt":{"rendered":"<p>Wettbewerb ergebnisse 21 &#8211; 25 golden zone 16 &#8211; 20,9 silver zone 11 &#8211; 15,9 bronze zone JURY\u00a0I. Kateg. VII. Jm\u00e9no \/ Name \u00d8 2. \u00d8 1. \u00d8 1.+2. 1 MARK\u00c9TA LA\u0160TOVI\u010cKOV\u00c1 CZ 23,8 23,7 23,75 2 Bartosz Ko\u0142sut PL&hellip; <\/p>\n","protected":false},"author":1,"featured_media":0,"parent":0,"menu_order":0,"comment_status":"closed","ping_status":"closed","template":"","meta":{"footnotes":""},"class_list":["post-456","page","type-page","status-publish","hentry"],"_links":{"self":[{"href":"https:\/\/www.accordion.cz\/index.php?rest_route=\/wp\/v2\/pages\/456"}],"collection":[{"href":"https:\/\/www.accordion.cz\/index.php?rest_route=\/wp\/v2\/pages"}],"about":[{"href":"https:\/\/www.accordion.cz\/index.php?rest_route=\/wp\/v2\/types\/page"}],"author":[{"embeddable":true,"href":"https:\/\/www.accordion.cz\/index.php?rest_route=\/wp\/v2\/users\/1"}],"replies":[{"embeddable":true,"href":"https:\/\/www.accordion.cz\/index.php?rest_route=%2Fwp%2Fv2%2Fcomments&post=456"}],"version-history":[{"count":13,"href":"https:\/\/www.accordion.cz\/index.php?rest_route=\/wp\/v2\/pages\/456\/revisions"}],"predecessor-version":[{"id":553,"href":"https:\/\/www.accordion.cz\/index.php?rest_route=\/wp\/v2\/pages\/456\/revisions\/553"}],"wp:attachment":[{"href":"https:\/\/www.accordion.cz\/index.php?rest_route=%2Fwp%2Fv2%2Fmedia&parent=456"}],"curies":[{"name":"wp","href":"https:\/\/api.w.org\/{rel}","templated":true}]}}