{"id":27,"date":"2015-05-24T17:41:42","date_gmt":"2015-05-24T16:41:42","guid":{"rendered":"http:\/\/www.accordion.cz\/?page_id=27"},"modified":"2026-02-11T20:53:23","modified_gmt":"2026-02-11T19:53:23","slug":"podminky-souteze","status":"publish","type":"page","link":"https:\/\/www.accordion.cz\/?page_id=27&lang=cs","title":{"rendered":"podm\u00ednky sout\u011b\u017ee"},"content":{"rendered":"<p>Sout\u011b\u017e je organizov\u00e1na agenturou \u201cCTA Praha\u201d ve spolupr\u00e1ci se Spole\u010dnost\u00ed \u010desk\u00fdch akordeonist\u016f.<\/p>\n<p><b><span style=\"font-family: 'Arial Narrow','sans-serif';\"><span style=\"color: #000000; font-size: medium;\">Sout\u011b\u017e\u00edc\u00ed <\/span><\/span><\/b><span style=\"font-family: 'Arial Narrow','sans-serif';\"><span style=\"color: #000000; font-size: medium;\">m\u016f\u017ee b\u00fdt osoba\/soubor\/orchestr libovoln\u00e9 n\u00e1rodnosti spl\u0148uj\u00edc\u00ed krit\u00e9ria vybran\u00e9 kategorie dle podm\u00ednek.<\/span><\/span><\/p>\n<p><b><span style=\"font-family: 'Arial Narrow','sans-serif';\"><span style=\"color: #000000; font-size: medium;\">Festival <\/span><\/span><\/b><span style=\"font-family: 'Arial Narrow','sans-serif';\">se bude konat ve dnech <strong>22. &#8211; 25. 10. 2026 <\/strong><span style=\"color: #000000; font-size: medium;\">v prostor\u00e1ch Pra\u017esk\u00e9 konzervato\u0159e. <\/span><\/span><\/p>\n<p><strong>P\u0159ihl\u00e1\u0161ka<\/strong> s vypln\u011bn\u00fdmi informacemi mus\u00ed b\u00fdt zasl\u00e1na:<br \/>pomoc\u00ed <a href=\"http:\/\/www.accordion.cz\/?page_id=36&amp;lang=cs\">elektronick\u00e9ho formul\u00e1\u0159e<\/a><br \/>event. na e-mail: cta@iol.cz<br \/>Posledn\u00ed term\u00edn\u00a0pro zasl\u00e1n\u00ed p\u0159ihl\u00e1\u0161ky spole\u010dn\u011b s registra\u010dn\u00edm poplatkem je<span style=\"color: #ff0000;\"><strong> 22. z\u00e1\u0159\u00ed 2026.<\/strong><\/span><\/p>\n<p><strong>V\u00fd\u0161e registra\u010dn\u00edch poplatk\u016f:<\/strong><br \/>s\u00f3lov\u00e9 Kategorie 0 &#8211; VI:\u00a0\u00a0\u00a0\u00a0\u00a0 \u00a0\u00a0\u00a0\u00a0\u00a0\u00a0 <strong>900 K\u010d<\/strong><br \/>s\u00f3lov\u00e1 Kategorie VII:\u00a0\u00a0\u00a0\u00a0\u00a0\u00a0\u00a0\u00a0\u00a0\u00a0\u00a0\u00a0 \u00a0 <strong>1.600 K\u010d<\/strong><br \/>kategorie ans\u00e1mbl\u016f VIII &#8211; XI: \u00a0<strong>2.300 K\u010d<\/strong><br \/>kategorie orchestr\u016f XII &#8211; XIV:\u00a0<strong>4.000 K\u010d<br \/><\/strong><br \/>\u010d\u00edslo \u00fa\u010dtu pro platbu:\u00a0<b>43-4856410267\/0100<br \/><\/b>pro platby ze Slovenska a zahrani\u010d\u00ed: <br \/>IBAN: CZ190 100 000 043 469 821 0277 (euro \u00fa\u010det)<br \/>swift code: KOMBCZPP<span style=\"color: #000000;\"> \u00a0(bankovn\u00ed poplatky plat\u00ed sout\u011b\u017e\u00edc\u00ed\u00a0&#8211; EUR!)<\/span><\/p>\n<p><span style=\"color: #ff0000;\"><strong>POKUD VY\u017dADUJETE NA REGISTRA\u010cN\u00cd POPLATEK FAKTURU, PLA\u0164TE A\u017d PO JEJ\u00cdM VYSTAVEN\u00cd!<\/strong><\/span><\/p>\n<p><strong>Poplatek je mo\u017eno platit v hotovosti pouze ve v\u00fdjime\u010dn\u00fdch p\u0159\u00edpadech a pouze po p\u0159edchoz\u00ed domluv\u011b!<br \/><\/strong>\u00dadaj o platb\u011b mus\u00ed obsahovat jm\u00e9no sout\u011b\u017e\u00edc\u00edho\/souboru\/orchestru a zvolenou kategorii.<br \/>P\u0159ihl\u00e1\u0161ky bez t\u011bchto n\u00e1le\u017eitost\u00ed nebudou akceptov\u00e1ny.<br \/>V p\u0159\u00edpad\u011b ne\u00fa\u010dasti se \u00fa\u010dastnick\u00fd\u00a0poplatek nevrac\u00ed!<\/p>\n<p><strong>Porota<\/strong> sout\u011b\u017ee bude slo\u017eena z v\u00fdznamn\u00fdch p\u0159edstavitel\u016f mezin\u00e1rodn\u00ed akordeonov\u00e9 oblasti. Rozhodnut\u00ed poroty jsou kone\u010dn\u00e1.<\/p>\n<p>2 kopie partitur v\u0161ech hran\u00fdch skladeb odevzdaj\u00ed sout\u011b\u017e\u00edc\u00ed porot\u011b v desk\u00e1ch se jm\u00e9nem a p\u0159\u00edpadnou zm\u011bnou v programu p\u0159i registraci. Na m\u00edst\u011b nen\u00ed mo\u017eno kop\u00edrovat.<\/p>\n<p><strong>Bodov\u00e1n\u00ed:<\/strong><\/p>\n<p>Sout\u011b\u017e\u00edc\u00ed jsou ocen\u011bni v r\u00e1mci t\u0159\u00ed p\u00e1sem (neplat\u00ed pro kat. VII):<\/p>\n<p>Pr\u016fm\u011brn\u00e9 bodov\u00e9 ohodnocen\u00ed v rozsahu 21 &#8211; 25 bod\u016f &#8211; zlat\u00e9 p\u00e1smo<br \/>Pr\u016fm\u011brn\u00e9 bodov\u00e9 ohodnocen\u00ed v rozsahu 16 &#8211; 20 bod\u016f &#8211; st\u0159\u00edbrn\u00e9 p\u00e1smo<br \/>Pr\u016fm\u011brn\u00e9 bodov\u00e9 ohodnocen\u00ed v rozsahu 11 &#8211; 15 bod\u016f &#8211; bronzov\u00e9 p\u00e1smo<\/p>\n<p>P\u0159i p\u0159ekro\u010den\u00ed \u010dasov\u00e9ho limitu kategorie o v\u00edce ne\u017e 2 minuty m\u00e1 p\u0159edseda poroty pr\u00e1vo zastavit sout\u011b\u017en\u00ed vystoupen\u00ed dan\u00e9ho \u00fa\u010dastn\u00edka.<br \/>V\u0161ichni \u010dlenov\u00e9 poroty boduj\u00ed v\u0161echny \u00fa\u010dastn\u00edky. Bodov\u00e9 hodnocen\u00ed dan\u00e9ho sout\u011b\u017e\u00edc\u00edho se m\u016f\u017ee li\u0161it o maxim\u00e1ln\u011b 5 bod\u016f, v p\u0159\u00edpad\u011b v\u011bt\u0161\u00edho bodov\u00e9ho rozptylu mus\u00ed nastat korekce bodov\u00e9ho ohodnocen\u00ed dan\u00e9ho porotce. U dvoukolov\u00e9 kategorie je bodov\u00e9 hodnocen\u00ed kandid\u00e1t\u016f ud\u011bleno pro ka\u017ed\u00e9 kolo zvl\u00e1\u0161\u0165.<br \/>P\u0159edseda poroty m\u00e1 pr\u00e1vo stanovit jednu \u010di v\u00edce p\u0159est\u00e1vek v d\u00e9lce trv\u00e1n\u00ed 5 minut za \u00fa\u010delem porady poroty a orienta\u010dn\u00edho bodov\u00e1n\u00ed kandid\u00e1t\u016f, kte\u0159\u00ed ji\u017e vystoupili.<\/p>\n<p>Ocen\u011bn\u00ed \u00fa\u010dastn\u00edk\u016f prvn\u00edch\u00a0pozic bude n\u00e1sleduj\u00edc\u00ed:<\/p>\n<p><strong>s\u00f3lov\u00e9 kategorie 0 &#8211; V:<\/strong><\/p>\n<ul>\n<li>voucher pro \u00fa\u010dast na letn\u00edch kurzech T\u0159ebo\u0148 2027<\/li>\n<li>mo\u017enost vystoupen\u00ed na koncert\u011b organizovan\u00e9m Pra\u017eskou konzervato\u0159\u00ed<\/li>\n<li>dv\u011b lekce zdarma u pedagoga akordeonov\u00e9ho odd\u011blen\u00ed Pra\u017esk\u00e9 konzervato\u0159e<\/li>\n<li>ceny firem Techgal a Delicia<\/li>\n<li>CD a notov\u00fd materi\u00e1l nakladatelstv\u00ed Edition Rondo Prague a Jetelina<\/li>\n<\/ul>\n<p><strong>s\u00f3lov\u00e9 kategorie VI &#8211; VII:<\/strong><\/p>\n<ul>\n<li style=\"list-style-type: none;\">\n<ul>\n<li>finan\u010dn\u00ed ceny:\u00a0\u00a0 \u00a0\u00a0\u00a0\u00a0\u00a0\u00a0\u00a0\u00a0\u00a0 kategorie VI.\u00a0\u00a0 \u00a0\u00a0\u00a0\u00a0\u00a0\u00a0\u00a0\u00a0\u00a0 kategorie VII.<\/li>\n<\/ul>\n<ol>\n<li>1. m\u00edsto\u00a0\u00a0\u00a0\u00a0\u00a0\u00a0\u00a0\u00a0\u00a0\u00a0\u00a0\u00a0\u00a0\u00a0\u00a0\u00a0\u00a0\u00a0\u00a0\u00a0\u00a0\u00a0 3.000 K\u010d\u00a0\u00a0\u00a0\u00a0\u00a0\u00a0\u00a0\u00a0\u00a0\u00a0\u00a0\u00a0\u00a0\u00a0\u00a0\u00a0\u00a0\u00a0\u00a0 10.000 K\u010d<\/li>\n<li>2. m\u00edsto\u00a0\u00a0\u00a0\u00a0\u00a0\u00a0\u00a0\u00a0\u00a0\u00a0\u00a0\u00a0\u00a0\u00a0\u00a0\u00a0\u00a0\u00a0\u00a0\u00a0\u00a0\u00a0 2.000 K\u010d\u00a0\u00a0\u00a0\u00a0\u00a0\u00a0\u00a0\u00a0\u00a0\u00a0\u00a0\u00a0\u00a0\u00a0\u00a0\u00a0\u00a0\u00a0\u00a0 5.000 K\u010d<\/li>\n<li>3. m\u00edsto\u00a0\u00a0\u00a0\u00a0\u00a0\u00a0\u00a0\u00a0\u00a0\u00a0\u00a0\u00a0\u00a0\u00a0\u00a0\u00a0\u00a0\u00a0\u00a0\u00a0\u00a0\u00a0 1.000 K\u010d\u00a0\u00a0\u00a0\u00a0\u00a0\u00a0\u00a0\u00a0\u00a0\u00a0\u00a0\u00a0\u00a0\u00a0\u00a0\u00a0\u00a0\u00a0\u00a0\u00a03.000 K\u010d<\/li>\n<\/ol>\n<\/li>\n<\/ul>\n<p><strong>akordeonov\u00e9 soubory a orchestry<\/strong><\/p>\n<ul>\n<li>v\u011bcn\u00e9 ceny a diplomy<\/li>\n<\/ul>\n<p><strong>Doprava a ubytov\u00e1n\u00ed:<\/strong> v\u0161echny n\u00e1klady si hrad\u00ed sout\u011b\u017e\u00edc\u00ed.<\/p>\n<p>Agentura CTA pom\u016f\u017ee v p\u0159\u00edpad\u011b pot\u0159eby zajistit ubytov\u00e1n\u00ed mimopra\u017esk\u00fdm \u00fa\u010dastn\u00edk\u016fm. Cenov\u011b zv\u00fdhodn\u011bn\u00e9 stravov\u00e1n\u00ed pro v\u0161echny p\u0159ihl\u00e1\u0161en\u00e9 \u00fa\u010dastn\u00edky je mo\u017en\u00e9 na z\u00e1klad\u011b p\u0159edb\u011b\u017en\u00e9 p\u00edsemn\u00e9 objedn\u00e1vky v restauraci pobl\u00ed\u017e m\u00edsta kon\u00e1n\u00ed sout\u011b\u017ee nebo koncertu.<\/p>\n<p><strong>Upozorn\u011bn\u00ed<\/strong><\/p>\n<p>Po\u0159adatel\u00e9 zaji\u0161\u0165uj\u00ed pouze z\u00e1kladn\u00ed audiotechniku (2 mikrofony), notov\u00e9 stojany a \u017eidle, v\u0161e ostatn\u00ed si zaji\u0161\u0165uj\u00ed \u010dlenov\u00e9 orchestr\u016f sami. Oznamte p\u0159edem, zda pot\u0159ebujete klav\u00edr \u010di zap\u016fj\u010dit jin\u00fd hudebn\u00ed n\u00e1stroj.<\/p>\n<p>Po\u0159adatel\u00e9 festivalu neru\u010d\u00ed za jak\u00e9koli \u0161kody \u010di mimo\u0159\u00e1dn\u00e9 ud\u00e1losti b\u011bhem kon\u00e1n\u00ed festivalu.<\/p>\n\n\n<p><\/p>\n","protected":false},"excerpt":{"rendered":"<p>Sout\u011b\u017e je organizov\u00e1na agenturou \u201cCTA Praha\u201d ve spolupr\u00e1ci se Spole\u010dnost\u00ed \u010desk\u00fdch akordeonist\u016f. Sout\u011b\u017e\u00edc\u00ed m\u016f\u017ee b\u00fdt osoba\/soubor\/orchestr libovoln\u00e9 n\u00e1rodnosti spl\u0148uj\u00edc\u00ed krit\u00e9ria vybran\u00e9 kategorie dle podm\u00ednek. Festival se bude konat ve dnech 22. &#8211; 25. 10. 2026 v prostor\u00e1ch Pra\u017esk\u00e9 konzervato\u0159e. P\u0159ihl\u00e1\u0161ka&hellip; <\/p>\n","protected":false},"author":1,"featured_media":0,"parent":0,"menu_order":0,"comment_status":"closed","ping_status":"closed","template":"","meta":{"footnotes":""},"class_list":["post-27","page","type-page","status-publish","hentry"],"_links":{"self":[{"href":"https:\/\/www.accordion.cz\/index.php?rest_route=\/wp\/v2\/pages\/27"}],"collection":[{"href":"https:\/\/www.accordion.cz\/index.php?rest_route=\/wp\/v2\/pages"}],"about":[{"href":"https:\/\/www.accordion.cz\/index.php?rest_route=\/wp\/v2\/types\/page"}],"author":[{"embeddable":true,"href":"https:\/\/www.accordion.cz\/index.php?rest_route=\/wp\/v2\/users\/1"}],"replies":[{"embeddable":true,"href":"https:\/\/www.accordion.cz\/index.php?rest_route=%2Fwp%2Fv2%2Fcomments&post=27"}],"version-history":[{"count":50,"href":"https:\/\/www.accordion.cz\/index.php?rest_route=\/wp\/v2\/pages\/27\/revisions"}],"predecessor-version":[{"id":4916,"href":"https:\/\/www.accordion.cz\/index.php?rest_route=\/wp\/v2\/pages\/27\/revisions\/4916"}],"wp:attachment":[{"href":"https:\/\/www.accordion.cz\/index.php?rest_route=%2Fwp%2Fv2%2Fmedia&parent=27"}],"curies":[{"name":"wp","href":"https:\/\/api.w.org\/{rel}","templated":true}]}}