{"id":2238,"date":"2020-09-27T18:21:55","date_gmt":"2020-09-27T17:21:55","guid":{"rendered":"https:\/\/www.accordion.cz\/?page_id=2238"},"modified":"2020-10-20T16:27:43","modified_gmt":"2020-10-20T15:27:43","slug":"participants-2020","status":"publish","type":"page","link":"https:\/\/www.accordion.cz\/?page_id=2238&lang=en","title":{"rendered":"PARTICIPANTS 2020"},"content":{"rendered":"\n<div class=\"wp-block-file\"><a href=\"https:\/\/www.accordion.cz\/wp-content\/uploads\/2020\/10\/PK_Mezinarodni-akordeonove__-dny_A5_2020_004_dvoustrany_final-mail-2.pdf\">Festival catalog 2020<\/a><a href=\"https:\/\/www.accordion.cz\/wp-content\/uploads\/2020\/10\/PK_Mezinarodni-akordeonove__-dny_A5_2020_004_dvoustrany_final-mail-2.pdf\" class=\"wp-block-file__button\" download>St\u00e1hnout<\/a><\/div>\n\n\n\n<p><strong>30. 9. 8:00 <\/strong><\/p>\n\n\n\n<p>The order was determined alphabitically from the drawn letter <strong>D<\/strong><br><\/p>\n\n\n\n<table class=\"wp-block-table\"><tbody><tr><td>\n  <strong>Kategorie 0.<\/strong>\n  <\/td><td>\n  <strong>&nbsp;<\/strong>\n  <\/td><td>\n  Jm\u00e9no \n  <\/td><td>\n  Zem\u011b\n  <\/td><\/tr><tr><td>\n  1.&nbsp;\n  <\/td><td>\n  Zuzana\n  <\/td><td>\n  Dvo\u0159\u00e1kov\u00e1\n  <\/td><td>\n  CZ\n  <\/td><\/tr><tr><td>\n  &nbsp;2.\n  <\/td><td>\n  Samuel \n  <\/td><td>\n  Barton\u00ed\u010dek\n  <\/td><td>\n  CZ\n  <\/td><\/tr><tr><td>\n  &nbsp;3.\n  <\/td><td>\n  Mikul\u00e1\u0161\n  <\/td><td>\n  B\u0159\u00edza\n  <\/td><td>\n  CZ\n  <\/td><\/tr><\/tbody><\/table>\n\n\n\n<table class=\"wp-block-table\"><tbody><tr><td>\n  <strong>Kategorie I.<\/strong>\n  <\/td><td>\n  <strong>&nbsp;<\/strong>\n  <\/td><td>\n  &nbsp;\n  <\/td><td>\n  &nbsp;\n  <\/td><\/tr><tr><td>1.   &nbsp;   <\/td><td>\n  Jan\n  <\/td><td>\n  Duffek\n  <\/td><td>\n  CZ\n  <\/td><\/tr><tr><td>2   &nbsp;   <\/td><td>\n  Wiktoria\n  <\/td><td>\n  Habrajska\n  <\/td><td>\n  PL\n  <\/td><\/tr><tr><td>3<\/td><td>\n  Tereza\n  <\/td><td>\n  Chalupov\u00e1\n  <\/td><td>\n  CZ\n  <\/td><\/tr><tr><td>4   &nbsp;   <\/td><td>\n  Vojt\u011bch\n  <\/td><td>\n  Kandl\n  <\/td><td>\n  CZ\n  <\/td><\/tr><tr><td>5   &nbsp;   <\/td><td>\n  Max\n  <\/td><td>\n  Landgraf\n  <\/td><td>\n  DE\n  <\/td><\/tr><tr><td>6   &nbsp;   <\/td><td>\n  Sofie\n  <\/td><td>\n  Mlejnkov\u00e1\n  <\/td><td>\n  CZ\n  <\/td><\/tr><tr><td>7   &nbsp;   <\/td><td>\n  Greta \n  <\/td><td>\n  Schiavone\n  <\/td><td>\n  PL\n  <\/td><\/tr><tr><td>8   &nbsp;   <\/td><td>\n  Viktor\n  <\/td><td>\n  Svoboda\n  <\/td><td>\n  CZ\n  <\/td><\/tr><tr><td>9   &nbsp;   <\/td><td>\n  Eli\u0161ka \n  <\/td><td>\n  \u0160karydov\u00e1\n  <\/td><td>\n  CZ\n  <\/td><\/tr><tr><td>10   &nbsp;   <\/td><td>\n  Nikol\n  <\/td><td>\n  \u0160nebergerov\u00e1\n  <\/td><td>\n  CZ\n  <\/td><\/tr><tr><td>11   &nbsp;   <\/td><td>\n  Ane\u017eka \n  <\/td><td>\n  Veletov\u00e1\n  <\/td><td>\n  CZ\n  <\/td><\/tr><tr><td>12   &nbsp;   <\/td><td>\n  Anna\n  <\/td><td>\n  B\u00e1zl\u00edkov\u00e1\n  <\/td><td>\n  CZ\n  <\/td><\/tr><tr><td>13   &nbsp;   <\/td><td>\n  Nikol\n  <\/td><td>\n  \u010cern\u00edkov\u00e1\n  <\/td><td>\n  CZ\n  <\/td><\/tr><\/tbody><\/table>\n\n\n\n<table class=\"wp-block-table\"><tbody><tr><td>\n  <strong>Kategorie II.<\/strong>\n  <\/td><td>\n  <strong>&nbsp;<\/strong>\n  <\/td><td>\n  &nbsp;\n  <\/td><td>\n  &nbsp;\n  <\/td><\/tr><tr><td>1   &nbsp;   <\/td><td>\n  Emilija\n  <\/td><td>\n  Gavrilovic\n  <\/td><td>\n  SR\n  <\/td><\/tr><tr><td>2   &nbsp;   <\/td><td>\n  Ond\u0159ej\n  <\/td><td>\n  Chalupa\n  <\/td><td>\n  CZ\n  <\/td><\/tr><tr><td>3   &nbsp;   <\/td><td>\n  Martin\n  <\/td><td>\n  Chodl\n  <\/td><td>\n  CZ\n  <\/td><\/tr><tr><td>4   &nbsp;   <\/td><td>\n  Johana \n  <\/td><td>\n  Juklov\u00e1\n  <\/td><td>\n  CZ\n  <\/td><\/tr><tr><td>5   &nbsp;   <\/td><td>\n  Eli\u0161ka \n  <\/td><td>\n  Ko\u0165arov\u00e1\n  <\/td><td>\n  CZ\n  <\/td><\/tr><tr><td>6   &nbsp;   <\/td><td>\n  Kacper \n  <\/td><td>\n  Niczyporuk\n  <\/td><td>\n  PL\n  <\/td><\/tr><tr><td>7<\/td><td>\n  Mihajlo\n  <\/td><td>\n  Obradovic\n  <\/td><td>\n  DE\n  <\/td><\/tr><tr><td>8   &nbsp;   <\/td><td>   Frieder <br>Wendelin   <\/td><td>\n  Pfeiffer\n  <\/td><td>\n  DE\n  <\/td><\/tr><tr><td>9   &nbsp;   <\/td><td>\n  Amos\n  <\/td><td>\n  Renke\n  <\/td><td>\n  DE\n  <\/td><\/tr><tr><td>10   &nbsp;   <\/td><td>\n  Viktor \n  <\/td><td>\n  Stocker\n  <\/td><td>\n  CZ\n  <\/td><\/tr><tr><td>   &nbsp;   11<\/td><td>\n  Daniel\n  <\/td><td>\n  \u0160tika\n  <\/td><td>\n  CZ\n  <\/td><\/tr><tr><td>12   &nbsp;   <\/td><td>\n  Dusan\n  <\/td><td>\n  Tubic\n  <\/td><td>\n  SR\n  <\/td><\/tr><tr><td>13   &nbsp;   <\/td><td>\n  Matou\u0161 \n  <\/td><td>\n  Vesel\u00fd\n  <\/td><td>\n  CZ\n  <\/td><\/tr><tr><td>14   &nbsp;   <\/td><td>\n  Karol\u00edna\n  <\/td><td>\n  \u010cekanov\u00e1\n  <\/td><td>\n  CZ\n  <\/td><\/tr><\/tbody><\/table>\n\n\n\n<table class=\"wp-block-table\"><tbody><tr><td>\n  <strong>Kategorie III.<\/strong>\n  <\/td><td>\n  <strong>&nbsp;<\/strong>\n  <\/td><td>\n  &nbsp;\n  <\/td><td>\n  &nbsp;\n  <\/td><\/tr><tr><td>1   &nbsp;   <\/td><td>\n  Daniela \n  <\/td><td>\n  Hol\u00e1\n  <\/td><td>\n  CZ\n  <\/td><\/tr><tr><td>2   &nbsp;   <\/td><td>\n  Markiian\n  <\/td><td>\n  Levytskyi\n  <\/td><td>\n  UA\n  <\/td><\/tr><tr><td>3   &nbsp;   <\/td><td>\n  Tade\u00e1\u0161 \n  <\/td><td>\n  Mr\u00e1zek\n  <\/td><td>\n  CZ\n  <\/td><\/tr><tr><td>4   &nbsp;   <\/td><td>\n  Anna\n  <\/td><td>\n  Palicov\u00e1\n  <\/td><td>\n  CZ\n  <\/td><\/tr><tr><td>5   &nbsp;   <\/td><td>\n  Florian\n  <\/td><td>\n  Taras\n  <\/td><td>\n  PL\n  <\/td><\/tr><tr><td>6&nbsp;   <\/td><td>\n  Ema\n  <\/td><td>\n  Turinov\u00e1\n  <\/td><td>\n  CZ\n  <\/td><\/tr><tr><td>7   &nbsp;   <\/td><td>\n  Jana\n  <\/td><td>\n  Vlachov\u00e1\n  <\/td><td>\n  CZ\n  <\/td><\/tr><tr><td>8<\/td><td>\n  Liliana\n  <\/td><td>\n  Ber\u00e1nkov\u00e1\n  <\/td><td>\n  CZ\n  <\/td><\/tr><\/tbody><\/table>\n\n\n\n<p>31.\n10., 8:00<\/p>\n\n\n\n<table class=\"wp-block-table\"><tbody><tr><td>\n  <strong>Kategorie IV.<\/strong>\n  <\/td><td>\n  <strong>&nbsp;<\/strong>\n  <\/td><td>\n  &nbsp;\n  <\/td><td>\n  &nbsp;\n  <\/td><\/tr><tr><td>1   &nbsp;   <\/td><td>\n  Al\u017eb\u011bta\n  <\/td><td>\n  Hegrov\u00e1\n  <\/td><td>\n  CZ\n  <\/td><\/tr><tr><td>2 <\/td><td>\n  Marie Ester\n  <\/td><td>\n  Jablonsk\u00e1\n  <\/td><td>\n  CZ\n  <\/td><\/tr><tr><td>3   &nbsp;   <\/td><td>\n  Kamile\n  <\/td><td>\n  Korabliovait\u0117\n  <\/td><td>\n  LT\n  <\/td><\/tr><tr><td>4  <\/td><td>\n  Miko\u0142aj\n  <\/td><td>\n  Michalczyk\n  <\/td><td>\n  PL\n  <\/td><\/tr><tr><td>   &nbsp;   5<\/td><td>\n  Edgaras\n  <\/td><td>\n  Mostenec\n  <\/td><td>\n  LT\n  <\/td><\/tr><tr><td>6   &nbsp;   <\/td><td>\n  Denys\n  <\/td><td>\n  Pankiv\n  <\/td><td>\n  UA\n  <\/td><\/tr><tr><td>7   &nbsp;   <\/td><td>\n  Lucie\n  <\/td><td>\n  Pudilov\u00e1\n  <\/td><td>\n  CZ\n  <\/td><\/tr><tr><td>8   &nbsp;   <\/td><td>\n  Michaela \n  <\/td><td>\n  \u0160r\u00e1mkov\u00e1\n  <\/td><td>\n  CZ\n  <\/td><\/tr><tr><td>9   &nbsp;   <\/td><td>\n  Jan\n  <\/td><td>\n  \u0160vejda\n  <\/td><td>\n  CZ\n  <\/td><\/tr><tr><td>10   &nbsp;   <\/td><td>\n  Kristina\n  <\/td><td>\n  Veletov\u00e1\n  <\/td><td>\n  CZ\n  <\/td><\/tr><tr><td>11   &nbsp;   <\/td><td>\n  Adam \n  <\/td><td>\n  Veverka\n  <\/td><td>\n  CZ\n  <\/td><\/tr><tr><td>12<\/td><td>\n  Marie \n  <\/td><td>\n  Z\u00e1vodsk\u00e1\n  <\/td><td>\n  CZ\n  <\/td><\/tr><tr><td>13   &nbsp;   <\/td><td>\n  V\u00e1clav \n  <\/td><td>\n  Bastl\n  <\/td><td>\n  CZ\n  <\/td><\/tr><tr><td>14   &nbsp;   <\/td><td>\n  \u0160t\u011bp\u00e1nka\n  <\/td><td>\n  \u010cerm\u00e1kov\u00e1\n  <\/td><td>\n  CZ\n  <\/td><\/tr><\/tbody><\/table>\n\n\n\n<table class=\"wp-block-table\"><tbody><tr><td>\n  <strong>Kategorie V.<\/strong>\n  <\/td><td>\n  <strong>&nbsp;<\/strong>\n  <\/td><td>\n  &nbsp;\n  <\/td><td>\n  &nbsp;\n  <\/td><\/tr><tr><td>1   &nbsp;   <\/td><td>\n  Antonio\n  <\/td><td>\n  Del Castillo\n  <\/td><td>\n  DE\n  <\/td><\/tr><tr><td>2   &nbsp;   <\/td><td>\n  Jule\n  <\/td><td>\n  Jergler\n  <\/td><td>\n  DE\n  <\/td><\/tr><tr><td>3<\/td><td>\n  Bohdan\n  <\/td><td>\n  Kolodii\n  <\/td><td>\n  UA\n  <\/td><\/tr><tr><td>4<\/td><td>\n  Marco\n  <\/td><td>\n  Kr\u00fcger\n  <\/td><td>\n  DE\n  <\/td><\/tr><tr><td>5   &nbsp;   <\/td><td>\n  Eryk\n  <\/td><td>\n  Legon\n  <\/td><td>\n  PL\n  <\/td><\/tr><tr><td>6<\/td><td>\n  Pavlo\n  <\/td><td>\n  Maksymiv\n  <\/td><td>\n  UA\n  <\/td><\/tr><tr><td>7   &nbsp;   <\/td><td>\n  Leonid\n  <\/td><td>\n  Muravjov\n  <\/td><td>\n  SE\n  <\/td><\/tr><tr><td>8   &nbsp;   <\/td><td>\n  Tom\u00e1\u0161\n  <\/td><td>\n  Palica\n  <\/td><td>\n  CZ\n  <\/td><\/tr><tr><td>9   &nbsp;   <\/td><td>\n  Ihor\n  <\/td><td>\n  Pankiv\n  <\/td><td>\n  UA\n  <\/td><\/tr><tr><td>10   &nbsp;   <\/td><td>\n  Anna\n  <\/td><td>\n  Svr\u010dinov\u00e1\n  <\/td><td>\n  CZ\n  <\/td><\/tr><tr><td>11   &nbsp;   <\/td><td>\n  Korbinian\n  <\/td><td>\n  Stark\n  <\/td><td>\n  DE\n  <\/td><\/tr><tr><td>12   &nbsp;   <\/td><td>\n  Szymon\n  <\/td><td>\n  \u015awierzewski\n  <\/td><td>\n  PL\n  <\/td><\/tr><tr><td>13   &nbsp;   <\/td><td>\n  Andrea\n  <\/td><td>\n  \u0160ulcov\u00e1\n  <\/td><td>\n  CZ\n  <\/td><\/tr><tr><td>14   &nbsp;   <\/td><td>\n  Romain\n  <\/td><td>\n  Vercleyen\n  <\/td><td>\n  BE\n  <\/td><\/tr><tr><td>15   &nbsp;   <\/td><td>\n  Kamil\n  <\/td><td>\n  Borsuk\n  <\/td><td>\n  PL\n  <\/td><\/tr><tr><td>16   &nbsp;   <\/td><td>\n  David \n  <\/td><td>\n  Brant\n  <\/td><td>\n  CZ\n  <\/td><\/tr><\/tbody><\/table>\n\n\n\n<table class=\"wp-block-table\"><tbody><tr><td>\n  <strong>Kategorie VI.<\/strong>\n  <\/td><td>\n  <strong>&nbsp;<\/strong>\n  <\/td><td>\n  &nbsp;\n  <\/td><td>\n  &nbsp;\n  <\/td><\/tr><tr><td>1   &nbsp;   <\/td><td>\n  Petar\n  <\/td><td>\n  Dincic\n  <\/td><td>\n  SR\n  <\/td><\/tr><tr><td>2   &nbsp;   <\/td><td>\n  Dmytro\n  <\/td><td>\n  Fedechko\n  <\/td><td>\n  UA\n  <\/td><\/tr><tr><td>3   &nbsp;   <\/td><td>\n  Andrii\n  <\/td><td>\n  Kos\n  <\/td><td>\n  UA\n  <\/td><\/tr><tr><td>4   &nbsp;   <\/td><td>\n  Martin\n  <\/td><td>\n  Kot\n  <\/td><td>\n  CZ\n  <\/td><\/tr><tr><td>5   &nbsp;   <\/td><td>\n  Martin\n  <\/td><td>\n  \u0160ulc\n  <\/td><td>\n  CZ\n  <\/td><\/tr><tr><td>6   &nbsp;   <\/td><td>\n  J\u00f3sef \n  <\/td><td>\n  Wajdzik\n  <\/td><td>\n  PL\n  <\/td><\/tr><tr><td>7   &nbsp;   <\/td><td>\n  Lucie Nigoul\n  <\/td><td>\n  Bellonnet\n  <\/td><td>\n  FR\n  <\/td><\/tr><tr><td>8   &nbsp;   <\/td><td>\n  Cl\u00e9ment\n  <\/td><td>\n  Couyssat\n  <\/td><td>\n  BE\n  <\/td><\/tr><\/tbody><\/table>\n\n\n\n<table class=\"wp-block-table\"><tbody><tr><td>\n  <strong>Kategorie VII.<\/strong>\n  <\/td><td>\n  <strong>&nbsp;<\/strong>\n  <\/td><td>\n  &nbsp;\n  <\/td><td>\n  &nbsp;\n  <\/td><\/tr><tr><td>   &nbsp;   1<\/td><td>\n  Hana \n  <\/td><td>\n  Koskov\u00e1\n  <\/td><td>\n  CZ\n  <\/td><\/tr><tr><td>2   &nbsp;   <\/td><td>\n  Filip\n  <\/td><td>\n  Kratochv\u00edl\n  <\/td><td>\n  CZ\n  <\/td><\/tr><tr><td>3   &nbsp;   <\/td><td>\n  Marija\n  <\/td><td>\n  Tursijan\n  <\/td><td>\n  SR\n  <\/td><\/tr><tr><td>4   &nbsp;   <\/td><td>\n  \u0110or\u0111e\n  <\/td><td>\n  Vasiljevi\u0107\n  <\/td><td>\n  SR\n  <\/td><\/tr><tr><td>5   &nbsp;   <\/td><td>\n  J\u00f3sef \n  <\/td><td>\n  Wajdzik\n  <\/td><td>\n  PL\n  <\/td><\/tr><\/tbody><\/table>\n\n\n\n<table class=\"wp-block-table\"><tbody><tr><td>\n  <strong>VIII.<\/strong>\n  <\/td><td>\n  &nbsp;\n  <\/td><td>\n  &nbsp;\n  <\/td><\/tr><tr><td>1   &nbsp;   <\/td><td>   Duo \u0160t\u011bp\u00e1nka \u010cerm\u00e1kov\u00e1 &#8211; Jan Kai Marek    <br>ZU\u0160 F. Pi\u0161ingera Trhov\u00e9 Sviny   <\/td><td>   C     <\/td><\/tr><tr><td>2   &nbsp;   <\/td><td>   Duo Absoluto Vla\u0161im, Napajedla  <\/td><td>   C     <\/td><\/tr><tr><td>3   &nbsp;   <\/td><td>\n  Akordeonov\u00e9 trio ZU\u0160 Pet\u0159iny Praha 6\n  <\/td><td>   C      <\/td><\/tr><tr><td>4   &nbsp;   <\/td><td>   Akordeonov\u00e9 duo Z\u00e1vodsk\u00e1 \u2013 Svobodov\u00e1    <br>ZU\u0160 Jind\u0159ich\u016fv Hradec  <\/td><td>   C     <\/td><\/tr><tr><td>5  <\/td><td>\n  Duo Espresso Mierzyn\n  <\/td><td>   P      <\/td><\/tr><tr><td>6   &nbsp;   <\/td><td>\n  Duo Perlach Munich\n  <\/td><td>   D  <\/td><\/tr><tr><td>7   &nbsp;   <\/td><td>\n  Duo \u0160tika \u2013 Pokorn\u00e1 ZU\u0160 T. Brzkov\u00e9,\n  Plze\u0148\n  <\/td><td>   C<\/td><\/tr><tr><td>8   &nbsp;   <\/td><td>  Duo Mat\u011bjkov\u00e1 \u2013 Breuerov\u00e1    <br>ZU\u0160 T. Brzkov\u00e9, Plze\u0148   <\/td><td>   C<\/td><\/tr><tr><td>\n  <strong>IX.<\/strong>\n  <\/td><td>\n  &nbsp;\n  <\/td><td>\n  &nbsp;\n  <\/td><\/tr><tr><td>\n  <strong>&nbsp;<\/strong>\n  <\/td><td>\n  Mons Accordion Trio \n  <\/td><td>   B  <\/td><\/tr><tr><td>\n  <strong>X.<\/strong>\n  <\/td><td>\n  &nbsp;\n  <\/td><td>\n  &nbsp;\n  <\/td><\/tr><tr><td>\n  <strong>&nbsp;<\/strong>\n  <\/td><td>   Akordeonov\u00e9 kvarteto <br>ZU\u0160 Jind\u0159ich\u016fv   Hradec   <\/td><td>   C<\/td><\/tr><tr><td>\n  <strong>XII<\/strong>\n  <\/td><td>\n  &nbsp;\n  <\/td><td>\n  &nbsp;\n  <\/td><\/tr><tr><td>\n  <strong>&nbsp;<\/strong>\n  <\/td><td>\n  POHODA Havl\u00ed\u010dk\u016fv Brod\n  <\/td><td>   C   <\/td><\/tr><tr><td>\n  <strong>XIV<\/strong>\n  <\/td><td>\n  &nbsp;\n  <\/td><td>\n  &nbsp;\n  <\/td><\/tr><tr><td>\n  <strong>&nbsp;<\/strong>\n  <\/td><td>   Musica Harmonica    <br>ZU\u0160 \u010cerven\u00fd Kostelec, N\u00e1chod a \u00dapice   <\/td><td>   C   <\/td><\/tr><\/tbody><\/table>\n","protected":false},"excerpt":{"rendered":"<p>30. 9. 8:00 The order was determined alphabitically from the drawn letter D Kategorie 0. &nbsp; Jm\u00e9no Zem\u011b 1.&nbsp; Zuzana Dvo\u0159\u00e1kov\u00e1 CZ &nbsp;2. Samuel Barton\u00ed\u010dek CZ &nbsp;3. Mikul\u00e1\u0161 B\u0159\u00edza CZ Kategorie I. &nbsp; &nbsp; &nbsp; 1. &nbsp; Jan Duffek CZ&hellip; <\/p>\n","protected":false},"author":2,"featured_media":0,"parent":0,"menu_order":0,"comment_status":"closed","ping_status":"closed","template":"","meta":{"footnotes":""},"class_list":["post-2238","page","type-page","status-publish","hentry"],"_links":{"self":[{"href":"https:\/\/www.accordion.cz\/index.php?rest_route=\/wp\/v2\/pages\/2238"}],"collection":[{"href":"https:\/\/www.accordion.cz\/index.php?rest_route=\/wp\/v2\/pages"}],"about":[{"href":"https:\/\/www.accordion.cz\/index.php?rest_route=\/wp\/v2\/types\/page"}],"author":[{"embeddable":true,"href":"https:\/\/www.accordion.cz\/index.php?rest_route=\/wp\/v2\/users\/2"}],"replies":[{"embeddable":true,"href":"https:\/\/www.accordion.cz\/index.php?rest_route=%2Fwp%2Fv2%2Fcomments&post=2238"}],"version-history":[{"count":17,"href":"https:\/\/www.accordion.cz\/index.php?rest_route=\/wp\/v2\/pages\/2238\/revisions"}],"predecessor-version":[{"id":2299,"href":"https:\/\/www.accordion.cz\/index.php?rest_route=\/wp\/v2\/pages\/2238\/revisions\/2299"}],"wp:attachment":[{"href":"https:\/\/www.accordion.cz\/index.php?rest_route=%2Fwp%2Fv2%2Fmedia&parent=2238"}],"curies":[{"name":"wp","href":"https:\/\/api.w.org\/{rel}","templated":true}]}}