{"id":21,"date":"2015-05-24T17:37:06","date_gmt":"2015-05-24T16:37:06","guid":{"rendered":"http:\/\/www.accordion.cz\/?page_id=21"},"modified":"2026-01-18T20:27:44","modified_gmt":"2026-01-18T19:27:44","slug":"kategorie","status":"publish","type":"page","link":"https:\/\/www.accordion.cz\/?page_id=21&lang=cs","title":{"rendered":"kategorie"},"content":{"rendered":"<div class=\"page\" title=\"Page 1\">\n<div class=\"section\">\n<div class=\"layoutArea\">\n<div class=\"column\">\n<p><span style=\"color: #3366ff;\">Rozd\u011blen\u00ed kategori\u00ed podle data narozen\u00ed<br \/>\n0\u00a0 \u00a01. 11. 2018 a mlad\u0161\u00ed (do 7 let v\u010detn\u011b)<br \/>\nI.\u00a0 \u00a01. 11. 2016 \u2013 31. 10. 2018 (do 9 let v\u010detn\u011b)<br \/>\nII.\u00a0 1. 11. 2014 \u2013 31. 10. 2016 (do 11 let v\u010detn\u011b)<br \/>\nIII. 1. 11. 2012 \u2013 31. 10. 2014 (do 13 let v\u010detn\u011b)<br \/>\nIV. 1. 11. 2010 \u2013 31. 10. 2012 (do 15 let v\u010detn\u011b)<br \/>\nV.\u00a0 1. 11. 2008 \u2013 31. 10. 2010 (do 17 let v\u010detn\u011b)<br \/>\nVI. 1. 11. 2006 \u2013 31. 10. 2008 (do 19 let v\u010detn\u011b)<\/span><\/p>\n<h1><span style=\"color: #ff0000;\">S\u00f3lov\u00e1 hra<\/span><\/h1>\n<p><strong>Kategorie 0<\/strong><\/p>\n<p>Kategorie pro d\u011bti do 7 let v\u011bku v\u010detn\u011b, po\u010d\u00edt\u00e1no k prvn\u00edmu dni sout\u011b\u017ee.\u00a0Voln\u00fd program, d\u00e9lka trv\u00e1n\u00ed do 4 minut. Jednokolov\u00e1 sout\u011b\u017e.<\/p>\n<\/div>\n<\/div>\n<\/div>\n<\/div>\n<p><strong>Kategorie I<\/strong><\/p>\n<div class=\"layoutArea\">\n<div class=\"column\">\n<p>Kategorie pro akordeonisty do 9 let v\u011bku v\u010detn\u011b, po\u010d\u00edt\u00e1no k prvn\u00edmu dni sout\u011b\u017ee. Voln\u00fd program, d\u00e9lka trv\u00e1n\u00ed 2 &#8211; 4 minuty. Jednokolov\u00e1 sout\u011b\u017e.<\/p>\n<\/div>\n<\/div>\n<div class=\"layoutArea\">\n<div class=\"column\">\n<p><strong>Kategorie II<\/strong><br \/>\nKategorie pro akordeonisty do 11 let v\u011bku v\u010detn\u011b, po\u010d\u00edt\u00e1no k prvn\u00edmu dni sout\u011b\u017ee. Voln\u00fd program, d\u00e9lka trv\u00e1n\u00ed 3 &#8211; 5 minut. Jednokolov\u00e1 sout\u011b\u017e.<\/p>\n<\/div>\n<\/div>\n<div class=\"layoutArea\">\n<div class=\"column\">\n<p><strong>Kategorie III<\/strong><br \/>\nKategorie pro akordeonisty do 13 let v\u011bku v\u010detn\u011b, po\u010d\u00edt\u00e1no k prvn\u00edmu dni sout\u011b\u017ee. Voln\u00fd program, d\u00e9lka trv\u00e1n\u00ed 4 &#8211; 6 minut. Jednokolov\u00e1 sout\u011b\u017e.<\/p>\n<\/div>\n<\/div>\n<div class=\"layoutArea\">\n<div class=\"column\">\n<p><strong>Kategorie IV<\/strong><br \/>\nKategorie pro akordeonisty do 15 let v\u011bku v\u010detn\u011b, po\u010d\u00edt\u00e1no k prvn\u00edmu dni sout\u011b\u017ee. Voln\u00fd program, d\u00e9lka trv\u00e1n\u00ed 6 &#8211; 8 minut. Jednokolov\u00e1 sout\u011b\u017e.<\/p>\n<\/div>\n<\/div>\n<div class=\"layoutArea\">\n<div class=\"column\">\n<p><strong>Kategorie V<\/strong><br \/>\nKategorie pro akordeonisty do 17 let v\u011bku v\u010detn\u011b, po\u010d\u00edt\u00e1no k prvn\u00edmu dni sout\u011b\u017ee. Voln\u00fd program, d\u00e9lka trv\u00e1n\u00ed 8 &#8211; 12 minut. Jednokolov\u00e1 sout\u011b\u017e.<\/p>\n<\/div>\n<\/div>\n<div class=\"layoutArea\">\n<div class=\"column\">\n<p><strong>Kategorie VI<\/strong><br \/>\nKategorie pro akordeonisty do 19 let v\u011bku v\u010detn\u011b, po\u010d\u00edt\u00e1no k prvn\u00edmu dni sout\u011b\u017ee. Voln\u00fd program zahrnuj\u00edc\u00ed jednu skladbu z obdob\u00ed baroka.<br \/>\nd\u00e9lka trv\u00e1n\u00ed 10 &#8211; 15 minut. Jednokolov\u00e1 sout\u011b\u017e.<\/p>\n<\/div>\n<\/div>\n<div class=\"layoutArea\">\n<div class=\"column\">\n<p><strong>Kategorie VII<\/strong><br \/>\nHr\u00e1\u010di bez v\u011bkov\u00e9ho omezen\u00ed.<br \/>\nPrvn\u00ed kolo:<br \/>\nJedna cembalov\u00e1 son\u00e1ta Domenica Scarlattiho.<br \/>\norigin\u00e1ln\u00ed kompozice pro akordeon (jednov\u011bt\u00e1 skladba, nebo jedna \u010d\u00e1st z cyklick\u00e9 skladby)<\/p>\n<p>Celkov\u00e1 d\u00e9lka trv\u00e1n\u00ed do 10 minut.<\/p>\n<\/div>\n<\/div>\n<div class=\"layoutArea\">\n<div class=\"column\">\n<p>Druh\u00e9 kolo:<br \/>\nVoln\u00fd program zahrnuj\u00edc\u00ed alespo\u0148 jednu origin\u00e1ln\u00ed kompozici pro akordeon. d\u00e9lka trv\u00e1n\u00ed 15 &#8211; 20 minut. *Do druh\u00e9ho kola postupuje n\u00e9 v\u00edce ne\u017e polovina \u00fa\u010dastn\u00edk\u016f prvn\u00edho kola.<\/p>\n<h1><span style=\"color: #ff0000;\">Komorn\u00ed ans\u00e1mbly<\/span><\/h1>\n<p>Soubory s 2\u00a0&#8211; 11 hudebn\u00edky, bez dirigenta. Dal\u0161\u00ed n\u00e1stroje mimo akordeony, kter\u00e9 mus\u00ed plnit dominantn\u00ed funkci, jsou povoleny (neplat\u00ed pro kategorii VIII a IX).<\/p>\n<\/div>\n<\/div>\n<div class=\"page\" title=\"Page 2\">\n<div class=\"section\">\n<div class=\"layoutArea\">\n<div class=\"column\">\n<p><strong>Kategorie VIII &#8211; <span style=\"color: #ff0000;\">pozor zm\u011bna v\u011bkov\u00e9ho limitu<\/span><br \/>\n<\/strong>Kategorie pro hr\u00e1\u010de do <strong>15ti<\/strong> let v\u011bkov\u00e9ho pr\u016fm\u011bru k prvn\u00edmu dni sout\u011b\u017ee. (aritmetick\u00fdm pr\u016fm\u011br v\u011bku hr\u00e1\u010d\u016f nesm\u00ed p\u0159es\u00e1hnout hranici 15 let).<br \/>\nKomorn\u00ed soubor obsahuj\u00edc\u00ed 2-3 hr\u00e1\u010de na akordeon, p\u0159\u00edpadn\u011b akordeon + dal\u0161\u00ed n\u00e1stroj(e).<br \/>\nVoln\u00fd program,\u00a0 d\u00e9lka trv\u00e1n\u00ed\u00a08\u00a0&#8211;\u00a012\u00a0minut. Jednokolov\u00e1 sout\u011b\u017e.<\/p>\n<p><strong>Kategorie\u00a0IX<br \/>\n<\/strong>Pro hr\u00e1\u010de bez omezen\u00ed v\u011bku.\u00a0Komorn\u00ed soubor obsahuj\u00edc\u00ed 2-3 hr\u00e1\u010de na akordeon, p\u0159\u00edpadn\u011b akordeon + dal\u0161\u00ed n\u00e1stroj(e). Voln\u00fd program, d\u00e9lka trv\u00e1n\u00ed 10 &#8211;\u00a015\u00a0minut. Jednokolov\u00e1 sout\u011b\u017e.<\/p>\n<p><strong>Kategorie X<br \/>\n<\/strong>Kategorie pro hr\u00e1\u010de do 19ti let v\u011bkov\u00e9ho pr\u016fm\u011bru k prvn\u00edmu dni sout\u011b\u017ee. (aritmetick\u00fdm pr\u016fm\u011br v\u011bku hr\u00e1\u010d\u016f nesm\u00ed p\u0159es\u00e1hnout hranici 19 let).\u00a0Soubor obsahuj\u00edc\u00ed 4 &#8211; 11 hr\u00e1\u010d\u016f.<br \/>\nVoln\u00fd program, d\u00e9lka trv\u00e1n\u00ed\u00a08 &#8211; 12\u00a0minut. Jednokolov\u00e1 sout\u011b\u017e.<\/p>\n<\/div>\n<\/div>\n<div class=\"layoutArea\">\n<div class=\"column\">\n<div class=\"layoutArea\">\n<div class=\"column\">\n<p><strong>Kategorie XI<br \/>\n<\/strong>Pro hr\u00e1\u010de bez omezen\u00ed v\u011bku. Soubor obsahuj\u00edc\u00ed 4 &#8211; 11 hr\u00e1\u010d\u016f. Voln\u00fd program, d\u00e9lka trv\u00e1n\u00ed 10 &#8211;\u00a015\u00a0minut. Jednokolov\u00e1 sout\u011b\u017e.<\/p>\n<\/div>\n<\/div>\n<\/div>\n<\/div>\n<div class=\"layoutArea\">\n<div class=\"column\">\n<h1><span style=\"color: #ff0000;\">Akordeonov\u00e9 orchestry<\/span><\/h1>\n<\/div>\n<\/div>\n<div class=\"layoutArea\">\n<div class=\"column\">\n<p><strong>Kategorie XII<br \/>\n<\/strong>Kategorie pro hr\u00e1\u010de do 19 let v\u011bku v\u010detn\u011b, po\u010d\u00edt\u00e1no k prvn\u00edmu dni sout\u011b\u017ee.<br \/>\nKa\u017ed\u00fd hlas m\u016f\u017ee b\u00fdt obsazen max. jedn\u00edm hr\u00e1\u010dem nad v\u011bkov\u00fd limit kategorie.<br \/>\nVoln\u00fd program.<br \/>\nd\u00e9lka trv\u00e1n\u00ed 8 &#8211; 12 minut. Jednokolov\u00e1 sout\u011b\u017e.<\/p>\n<p><strong>Kategorie XIII:<br \/>\n<\/strong>Kategorie pro hr\u00e1\u010de bez omezen\u00ed v\u011bku. Voln\u00fd program z d\u011bl klasick\u00e9 a origin\u00e1ln\u00ed hudby. 10 \u2013 15 minut. Jednokolov\u00e1 sout\u011b\u017e.<\/p>\n<\/div>\n<p class=\"column\"><strong><span style=\"color: #000000; font-family: Times New Roman; font-size: small;\">Kategorie XIV:<\/span><\/strong><b><br \/>\n<\/b><span style=\"color: #000000; font-family: Times New Roman; font-size: small;\">Kategorie pro hr\u00e1\u010de bez omezen\u00ed v\u011bku.Voln\u00fd program z d\u011bl nonarticifi\u00e1ln\u00ed hudby. 10 \u2013 15 minut. Jednokolov\u00e1 sout\u011b\u017e.<\/span><\/p>\n<div class=\"column\"><\/div>\n<\/div>\n<p><span style=\"color: #3366ff;\">\u00a0<\/span><\/p>\n<\/div>\n<\/div>\n","protected":false},"excerpt":{"rendered":"<p>Rozd\u011blen\u00ed kategori\u00ed podle data narozen\u00ed 0\u00a0 \u00a01. 11. 2018 a mlad\u0161\u00ed (do 7 let v\u010detn\u011b) I.\u00a0 \u00a01. 11. 2016 \u2013 31. 10. 2018 (do 9 let v\u010detn\u011b) II.\u00a0 1. 11. 2014 \u2013 31. 10. 2016 (do 11 let v\u010detn\u011b) III.&hellip; <\/p>\n","protected":false},"author":1,"featured_media":0,"parent":0,"menu_order":0,"comment_status":"closed","ping_status":"closed","template":"","meta":{"footnotes":""},"class_list":["post-21","page","type-page","status-publish","hentry"],"_links":{"self":[{"href":"https:\/\/www.accordion.cz\/index.php?rest_route=\/wp\/v2\/pages\/21"}],"collection":[{"href":"https:\/\/www.accordion.cz\/index.php?rest_route=\/wp\/v2\/pages"}],"about":[{"href":"https:\/\/www.accordion.cz\/index.php?rest_route=\/wp\/v2\/types\/page"}],"author":[{"embeddable":true,"href":"https:\/\/www.accordion.cz\/index.php?rest_route=\/wp\/v2\/users\/1"}],"replies":[{"embeddable":true,"href":"https:\/\/www.accordion.cz\/index.php?rest_route=%2Fwp%2Fv2%2Fcomments&post=21"}],"version-history":[{"count":37,"href":"https:\/\/www.accordion.cz\/index.php?rest_route=\/wp\/v2\/pages\/21\/revisions"}],"predecessor-version":[{"id":4891,"href":"https:\/\/www.accordion.cz\/index.php?rest_route=\/wp\/v2\/pages\/21\/revisions\/4891"}],"wp:attachment":[{"href":"https:\/\/www.accordion.cz\/index.php?rest_route=%2Fwp%2Fv2%2Fmedia&parent=21"}],"curies":[{"name":"wp","href":"https:\/\/api.w.org\/{rel}","templated":true}]}}