{"id":58,"date":"2017-05-25T00:43:55","date_gmt":"2017-05-24T22:43:55","guid":{"rendered":"http:\/\/www.accordion.cz\/sca\/?page_id=58"},"modified":"2017-05-26T23:03:29","modified_gmt":"2017-05-26T21:03:29","slug":"o-spolku","status":"publish","type":"page","link":"http:\/\/www.accordion.cz\/sca\/","title":{"rendered":"O spolku"},"content":{"rendered":"<p><a href=\"http:\/\/www.accordion.cz\/sca\/wp-content\/uploads\/2017\/05\/Stanovy-S\u010cA.pdf\" target=\"_blank\" rel=\"noopener noreferrer\">Stanovy Spole\u010dnosti \u010desk\u00fdch\u00a0akordeonist\u016f<\/a><\/p>\n<p style=\"text-align: left;\">Spolek sdru\u017euje profesion\u00e1ln\u00ed i amat\u00e9rsk\u00e9 hr\u00e1\u010de, pedagogy a p\u0159\u00e1tele akordeonu a p\u0159\u00edbuzn\u00fdch n\u00e1stroj\u016f. Jeho posl\u00e1n\u00edm je nav\u00e1zat na tradice akordeonov\u00e9 hry v\u00a0\u010cesk\u00e9 republice, pokra\u010dovat v\u00a0\u010dinnosti Svazu \u010deskoslovensk\u00fdch harmonik\u00e1\u0159\u016f (1934 -1939) a Spole\u010dnosti \u010desk\u00fdch akordeonist\u016f, kter\u00e1 p\u016fsobila od roku 1994 pod hlavi\u010dkou \u010cesk\u00e9 hudebn\u00ed spole\u010dnosti. Spolek prosazuje vysokou odbornou a mravn\u00ed \u00farove\u0148, h\u00e1j\u00ed profesion\u00e1ln\u00ed z\u00e1jmy \u010dlen\u016f a p\u0159isp\u00edv\u00e1\u00a0v\u0161estrann\u00e9mu rozvoji \u010desk\u00e9 hudebn\u00ed kultury a obecn\u00e9 hudebnosti. Za t\u00edm \u00fa\u010delem spolupracuje s\u00a0dal\u0161\u00edmi org\u00e1ny a organizacemi, p\u016fsob\u00edc\u00edmi v\u00a0oblasti z\u00e1jmu spole\u010dnosti.<\/p>\n<p style=\"text-align: left;\"><strong>Hlavn\u00ed n\u00e1pln\u00ed \u010dinnosti spolku je p\u0159edev\u0161\u00edm:<\/strong><\/p>\n<ul>\n<li>Sdru\u017eov\u00e1n\u00ed hr\u00e1\u010d\u016f na akordeon a p\u0159\u00edbuzn\u00e9 n\u00e1stroje na amat\u00e9rsk\u00e9 i profesion\u00e1ln\u00ed \u00farovni<\/li>\n<li>Podpora mlad\u00e9 generace a za\u010d\u00ednaj\u00edc\u00edch interpret\u016f v jejich um\u011bleck\u00e9 dr\u00e1ze<\/li>\n<li>Po\u0159\u00e1d\u00e1n\u00ed koncert\u016f, setk\u00e1n\u00ed, ud\u00e1lost\u00ed, kongres\u016f, semin\u00e1\u0159\u016f, vzd\u011bl\u00e1vac\u00edch projekt\u016f, sout\u011b\u017e\u00ed a hudebn\u00edch kurz\u016f<\/li>\n<li>P\u0159\u00edprava a tisk propaga\u010dn\u00edch a dal\u0161\u00edch studijn\u00edch materi\u00e1l\u016f<\/li>\n<li>Spolupr\u00e1ce s m\u00edstn\u00edmi \u00fa\u0159ady, vzd\u011bl\u00e1vac\u00edmi, kulturn\u00edmi a c\u00edrkevn\u00edmi instituc\u00ed, nadacemi, spolky, soukrom\u00fdmi spole\u010dnostmi, firmami a jednotlivci<\/li>\n<li>Prezentace \u010desk\u00e9 akordeonov\u00e9 literatury v \u010cesk\u00e9 republice i zahrani\u010d\u00ed, publika\u010dn\u00ed \u010dinnost<\/li>\n<li>Spolupr\u00e1ce s mezin\u00e1rodn\u00edmi akordeonov\u00fdmi organizacemi, zastupov\u00e1n\u00ed \u010cesk\u00e9 republiky mj. v organizac\u00edch EAF a C.I.A.<\/li>\n<li>V\u0161eobecn\u00e1 podpora kultury v \u010cesk\u00e9 republice i zahrani\u010d\u00ed<\/li>\n<\/ul>\n<p>&nbsp;<\/p>\n","protected":false},"excerpt":{"rendered":"<p>Stanovy Spole\u010dnosti \u010desk\u00fdch\u00a0akordeonist\u016f Spolek sdru\u017euje profesion\u00e1ln\u00ed i amat\u00e9rsk\u00e9 hr\u00e1\u010de, pedagogy a p\u0159\u00e1tele akordeonu a p\u0159\u00edbuzn\u00fdch n\u00e1stroj\u016f. Jeho posl\u00e1n\u00edm je nav\u00e1zat na tradice akordeonov\u00e9 hry v\u00a0\u010cesk\u00e9 republice, pokra\u010dovat v\u00a0\u010dinnosti Svazu \u010deskoslovensk\u00fdch harmonik\u00e1\u0159\u016f (1934 -1939) a Spole\u010dnosti \u010desk\u00fdch akordeonist\u016f, kter\u00e1 p\u016fsobila od roku 1994 pod hlavi\u010dkou \u010cesk\u00e9 hudebn\u00ed spole\u010dnosti. Spolek prosazuje vysokou odbornou a mravn\u00ed \u00farove\u0148, h\u00e1j\u00ed [&hellip;]<\/p>\n","protected":false},"author":1,"featured_media":0,"parent":0,"menu_order":0,"comment_status":"closed","ping_status":"closed","template":"","meta":{"footnotes":""},"class_list":["post-58","page","type-page","status-publish","hentry"],"_links":{"self":[{"href":"http:\/\/www.accordion.cz\/sca\/wp-json\/wp\/v2\/pages\/58","targetHints":{"allow":["GET"]}}],"collection":[{"href":"http:\/\/www.accordion.cz\/sca\/wp-json\/wp\/v2\/pages"}],"about":[{"href":"http:\/\/www.accordion.cz\/sca\/wp-json\/wp\/v2\/types\/page"}],"author":[{"embeddable":true,"href":"http:\/\/www.accordion.cz\/sca\/wp-json\/wp\/v2\/users\/1"}],"replies":[{"embeddable":true,"href":"http:\/\/www.accordion.cz\/sca\/wp-json\/wp\/v2\/comments?post=58"}],"version-history":[{"count":7,"href":"http:\/\/www.accordion.cz\/sca\/wp-json\/wp\/v2\/pages\/58\/revisions"}],"predecessor-version":[{"id":109,"href":"http:\/\/www.accordion.cz\/sca\/wp-json\/wp\/v2\/pages\/58\/revisions\/109"}],"wp:attachment":[{"href":"http:\/\/www.accordion.cz\/sca\/wp-json\/wp\/v2\/media?parent=58"}],"curies":[{"name":"wp","href":"https:\/\/api.w.org\/{rel}","templated":true}]}}

<p><a href="http://www.accordion.cz/sca/wp-content/uploads/2017/05/Stanovy-SČA.pdf" target="_blank" rel="noopener noreferrer">Stanovy Společnosti českých akordeonistů</a></p>
<p style="text-align: left;">Spolek sdružuje profesionální i amatérské hráče, pedagogy a přátele akordeonu a příbuzných nástrojů. Jeho posláním je navázat na tradice akordeonové hry v České republice, pokračovat v činnosti Svazu československých harmonikářů (1934 -1939) a Společnosti českých akordeonistů, která působila od roku 1994 pod hlavičkou České hudební společnosti. Spolek prosazuje vysokou odbornou a mravní úroveň, hájí profesionální zájmy členů a přispívá všestrannému rozvoji české hudební kultury a obecné hudebnosti. Za tím účelem spolupracuje s dalšími orgány a organizacemi, působícími v oblasti zájmu společnosti.</p>
<p style="text-align: left;"><strong>Hlavní náplní činnosti spolku je především:</strong></p>
<ul>
<li>Sdružování hráčů na akordeon a příbuzné nástroje na amatérské i profesionální úrovni</li>
<li>Podpora mladé generace a začínajících interpretů v jejich umělecké dráze</li>
<li>Pořádání koncertů, setkání, událostí, kongresů, seminářů, vzdělávacích projektů, soutěží a hudebních kurzů</li>
<li>Příprava a tisk propagačních a dalších studijních materiálů</li>
<li>Spolupráce s místními úřady, vzdělávacími, kulturními a církevními institucí, nadacemi, spolky, soukromými společnostmi, firmami a jednotlivci</li>
<li>Prezentace české akordeonové literatury v České republice i zahraničí, publikační činnost</li>
<li>Spolupráce s mezinárodními akordeonovými organizacemi, zastupování České republiky mj. v organizacích EAF a C.I.A.</li>
<li>Všeobecná podpora kultury v České republice i zahraničí</li>
</ul>
<p>&nbsp;</p>

<p>Stanovy Společnosti českých akordeonistů Spolek sdružuje profesionální i amatérské hráče, pedagogy a přátele akordeonu a příbuzných nástrojů. Jeho posláním je navázat na tradice akordeonové hry v České republice, pokračovat v činnosti Svazu československých harmonikářů (1934 -1939) a Společnosti českých akordeonistů, která působila od roku 1994 pod hlavičkou České hudební společnosti. Spolek prosazuje vysokou odbornou a mravní úroveň, hájí [&hellip;]</p>
